{"id":368,"date":"2022-10-18T15:12:19","date_gmt":"2022-10-18T18:12:19","guid":{"rendered":"https:\/\/pc.sc.gov.br\/?page_id=368"},"modified":"2025-03-24T13:39:18","modified_gmt":"2025-03-24T16:39:18","slug":"26-mafra-09-drp","status":"publish","type":"page","link":"https:\/\/pc.sc.gov.br\/?page_id=368","title":{"rendered":"26-mafra-09-drp"},"content":{"rendered":"\t\t<div data-elementor-type=\"wp-page\" data-elementor-id=\"368\" class=\"elementor elementor-368\" data-elementor-post-type=\"page\">\n\t\t\t\t\t\t<section class=\"elementor-section elementor-top-section elementor-element elementor-element-83d3c4f elementor-section-boxed elementor-section-height-default elementor-section-height-default\" data-id=\"83d3c4f\" data-element_type=\"section\">\n\t\t\t\t\t\t<div class=\"elementor-container elementor-column-gap-default\">\n\t\t\t\t\t<div class=\"elementor-column elementor-col-100 elementor-top-column elementor-element elementor-element-f87933e\" data-id=\"f87933e\" data-element_type=\"column\">\n\t\t\t<div class=\"elementor-widget-wrap elementor-element-populated\">\n\t\t\t\t\t\t<div class=\"elementor-element elementor-element-f5eec22 elementor-widget elementor-widget-heading\" data-id=\"f5eec22\" data-element_type=\"widget\" data-widget_type=\"heading.default\">\n\t\t\t\t<div class=\"elementor-widget-container\">\n\t\t\t\t\t<h2 class=\"elementor-heading-title elementor-size-default\">09\u00ba DRP - Mafra<\/h2>\t\t\t\t<\/div>\n\t\t\t\t<\/div>\n\t\t\t\t\t<\/div>\n\t\t<\/div>\n\t\t\t\t\t<\/div>\n\t\t<\/section>\n\t\t\t\t<section class=\"elementor-section elementor-top-section elementor-element elementor-element-aa7fb70 elementor-section-boxed elementor-section-height-default elementor-section-height-default\" data-id=\"aa7fb70\" data-element_type=\"section\">\n\t\t\t\t\t\t<div class=\"elementor-container elementor-column-gap-default\">\n\t\t\t\t\t<div class=\"elementor-column elementor-col-100 elementor-top-column elementor-element elementor-element-43d98b2\" data-id=\"43d98b2\" data-element_type=\"column\">\n\t\t\t<div class=\"elementor-widget-wrap elementor-element-populated\">\n\t\t\t\t\t\t<div class=\"elementor-element elementor-element-5fa11c2 elementor-widget elementor-widget-text-editor\" data-id=\"5fa11c2\" data-element_type=\"widget\" data-widget_type=\"text-editor.default\">\n\t\t\t\t<div class=\"elementor-widget-container\">\n\t\t\t\t\t\t\t\t\t<p><strong>09\u00aa &#8211; Delegacia Regional de Pol\u00edcia &#8211; Mafra<\/strong><br \/>Rua S\u00e3o Jo\u00e3o, 37 &#8211; Centro<br \/>Mafra &#8211; SC &#8211; CEP: 89300-000<br \/>Telefone: (47) 3647-0259 (liga\u00e7\u00e3o)<br \/><em>e-mail<\/em>:\u00a0<a href=\"mailto:drpmafra@pc.sc.gov.br\">drpmafra@pc.sc.gov.br<\/a><br \/>Atendimento ao p\u00fablico: das 13:00 \u00e0s 19:00h.<\/p><p><strong>Itai\u00f3polis &#8211; Delegacia de Pol\u00edcia da Comarca<br \/><\/strong>Rua Costa Carvalho, 388 &#8211; Centro<br \/>Itai\u00f3polis &#8211; SC &#8211; CEP: 89340-000<br \/>Telefone: (47) 3647-0600<br \/><em>e-mail<\/em>:\u00a0<a href=\"mailto:dpitaiopolis@pc.sc.gov.br\">dpitaiopolis@pc.sc.gov.br<\/a><\/p><p><strong>Mafra &#8211; Central de Plant\u00e3o Policial &#8211; CPP<br \/><\/strong>Rua S\u00e3o Jo\u00e3o, 37 &#8211; Centro<br \/>Mafra &#8211; SC &#8211; CEP: 89300-000<br \/><span dir=\"ltr\">Telefone: (47) <\/span><span dir=\"ltr\">364<\/span><span dir=\"ltr\">7-0259 <\/span><span dir=\"ltr\">(liga\u00e7\u00e3o)<\/span><br \/>Telefone: (47)\u00a098803-6063, (Liga\u00e7\u00e3o e Whatsapp)<br \/><em>e-mail<\/em>: cppmafra@pc.sc.gov.br<\/p><p><strong>Mafra &#8211; Circunscri\u00e7\u00e3o Regional de Tr\u00e2nsito &#8211; CIRETRAN<br \/><\/strong>Rua S\u00e3o Jo\u00e3o, 37 &#8211; Centro<br \/>Mafra &#8211; SC &#8211; CEP: 89303-098<br \/>Telefone: (47) 98803-6063, (Liga\u00e7\u00e3o e Whatsapp)<br \/>Atendimento ao p\u00fablico: das 13:00 \u00e0s 19:00h.<\/p><p><strong>Mafra &#8211; Divis\u00e3o de Investiga\u00e7\u00e3o Criminal &#8211; DIC<br \/><\/strong>Rua S\u00e3o Jo\u00e3o, 37 &#8211; Centro<br \/>Mafra &#8211; SC &#8211; CEP: 89303-098<br \/>Telefone: (47) <span dir=\"ltr\">364<\/span><span dir=\"ltr\">7-0259 <\/span><span dir=\"ltr\">(liga\u00e7\u00e3o)<\/span><br \/><em>e-mail<\/em>:\u00a0<a href=\"mailto:dpmafra@pc.sc.gov.br\">dicmafra@pc.sc.gov.br<\/a><br \/>Atendimento ao p\u00fablico: das 13:00 \u00e0s 19:00h.<\/p><p><strong>Mafra &#8211; Delegacia de Prote\u00e7\u00e3o \u00e0 Crian\u00e7a, Adolescente, Mulher e Idoso<\/strong>\u00a0<strong>&#8211; DPCAMI<br \/><\/strong><span style=\"font-family: var( --e-global-typography-primary-font-family ), Sans-serif; font-size: var( --e-global-typography-primary-font-size ); font-weight: var( --e-global-typography-primary-font-weight ); letter-spacing: var( --e-global-typography-primary-letter-spacing );\">Rua S\u00e3o Jo\u00e3o, 37 &#8211; Centro<br \/><\/span><span style=\"font-family: var( --e-global-typography-primary-font-family ), Sans-serif; font-size: var( --e-global-typography-primary-font-size ); font-weight: var( --e-global-typography-primary-font-weight ); letter-spacing: var( --e-global-typography-primary-letter-spacing );\">Mafra &#8211; SC &#8211; CEP: 89300-000<br \/><\/span><span style=\"font-family: var( --e-global-typography-primary-font-family ), Sans-serif; font-size: var( --e-global-typography-primary-font-size ); font-weight: var( --e-global-typography-primary-font-weight ); letter-spacing: var( --e-global-typography-primary-letter-spacing );\">Telefone: (47) <span dir=\"ltr\">364<\/span><span dir=\"ltr\">7-0259 <\/span><span dir=\"ltr\">(liga\u00e7\u00e3o)<\/span><br \/><\/span><em style=\"font-family: var( --e-global-typography-primary-font-family ), Sans-serif; font-size: var( --e-global-typography-primary-font-size ); font-weight: var( --e-global-typography-primary-font-weight ); letter-spacing: var( --e-global-typography-primary-letter-spacing );\">e-mail<\/em><span style=\"font-family: var( --e-global-typography-primary-font-family ), Sans-serif; font-size: var( --e-global-typography-primary-font-size ); font-weight: var( --e-global-typography-primary-font-weight ); letter-spacing: var( --e-global-typography-primary-letter-spacing );\">:\u00a0<\/span><a style=\"font-family: var( --e-global-typography-primary-font-family ), Sans-serif; font-size: var( --e-global-typography-primary-font-size ); font-weight: var( --e-global-typography-primary-font-weight ); letter-spacing: var( --e-global-typography-primary-letter-spacing ); background-color: #ffffff;\" href=\"mailto:dpcamimafra@pc.sc.gov.br\">dpcamimafra@pc.sc.gov.br<\/a><br \/>Atendimento ao p\u00fablico: das 13:00 \u00e0s 19:00h.<\/p><p><strong>Mafra &#8211; Delegacia de Pol\u00edcia da Comarca<br \/><\/strong>Rua S\u00e3o Jo\u00e3o, 37 &#8211; Centro<br \/>Mafra &#8211; SC &#8211; CEP: 89300-000<br \/>Telefone: (47) <span dir=\"ltr\">364<\/span><span dir=\"ltr\">7-0259 <\/span><span dir=\"ltr\">(liga\u00e7\u00e3o)<\/span><br \/><em>e-mail<\/em>:\u00a0<a href=\"mailto:dpmafra@pc.sc.gov.br\">dpmafra@pc.sc.gov.br<\/a><br \/>Atendimento: das 13:00 \u00e0s 19:00 horas.<\/p><p><strong>Monte Castelo &#8211; Delegacia de Pol\u00edcia do Munic\u00edpio<\/strong> <br \/>Rua Nereu Ramos, 200 \u2013 Centro<br \/>Monte Castelo \u2013 SC \u2013 CEP: 89380-000<br \/>Telefone: (47) 3647-0348<br \/>Ramal externo: 02570348<br \/><em>e-mail:\u00a0<\/em> <a href=\"mailto:dpmontecastelo@pc.sc.gov.br\">dpmontecastelo@pc.sc.gov.br<\/a><\/p><p><a style=\"font-family: var( --e-global-typography-primary-font-family ), Sans-serif; font-size: var( --e-global-typography-primary-font-size ); font-weight: var( --e-global-typography-primary-font-weight ); letter-spacing: var( --e-global-typography-primary-letter-spacing ); background-color: #ffffff;\" href=\"mailto:dpmontecastelo@pc.sc.gov.br\">\u00a0<\/a><span style=\"font-family: var( --e-global-typography-primary-font-family ), Sans-serif; font-size: var( --e-global-typography-primary-font-size ); letter-spacing: var( --e-global-typography-primary-letter-spacing );\"><b>Papanduva \u2013 Delegacia de Pol\u00edcia da Comarca<br \/><\/b><\/span><span style=\"font-family: var( --e-global-typography-primary-font-family ), Sans-serif; font-size: var( --e-global-typography-primary-font-size ); font-weight: var( --e-global-typography-primary-font-weight ); letter-spacing: var( --e-global-typography-primary-letter-spacing );\">Rua Jacob Schadeck, 560 \u2013 Centro<br \/><\/span><span style=\"font-family: var( --e-global-typography-primary-font-family ), Sans-serif; font-size: var( --e-global-typography-primary-font-size ); font-weight: var( --e-global-typography-primary-font-weight ); letter-spacing: var( --e-global-typography-primary-letter-spacing );\">Papanduva \u2013 SC \u2013 CEP: 89370-000<br \/><\/span><span style=\"font-family: var( --e-global-typography-primary-font-family ), Sans-serif; font-size: var( --e-global-typography-primary-font-size ); font-weight: var( --e-global-typography-primary-font-weight ); letter-spacing: var( --e-global-typography-primary-letter-spacing );\">Telefone: (47) 3647-0445<br \/><\/span><em style=\"font-family: var( --e-global-typography-primary-font-family ), Sans-serif; font-size: var( --e-global-typography-primary-font-size ); font-weight: var( --e-global-typography-primary-font-weight ); letter-spacing: var( --e-global-typography-primary-letter-spacing );\">e-mail<\/em><span style=\"font-family: var( --e-global-typography-primary-font-family ), Sans-serif; font-size: var( --e-global-typography-primary-font-size ); font-weight: var( --e-global-typography-primary-font-weight ); letter-spacing: var( --e-global-typography-primary-letter-spacing );\">:\u00a0<\/span><a style=\"font-family: var( --e-global-typography-primary-font-family ), Sans-serif; font-size: var( --e-global-typography-primary-font-size ); font-weight: var( --e-global-typography-primary-font-weight ); letter-spacing: var( --e-global-typography-primary-letter-spacing ); background-color: #ffffff;\" href=\"mailto:dppapanduva@pc.sc.gov.br\">dppapanduva@pc.sc.gov.br<\/a><\/p>\t\t\t\t\t\t\t\t<\/div>\n\t\t\t\t<\/div>\n\t\t\t\t\t<\/div>\n\t\t<\/div>\n\t\t\t\t\t<\/div>\n\t\t<\/section>\n\t\t\t\t<\/div>\n\t\t","protected":false},"excerpt":{"rendered":"<p>09\u00ba DRP &#8211; Mafra 09\u00aa &#8211; Delegacia Regional de Pol\u00edcia &#8211; MafraRua S\u00e3o Jo\u00e3o, 37 &#8211; CentroMafra &#8211; SC &#8211; CEP: 89300-000Telefone: (47) 3647-0259 (liga\u00e7\u00e3o)e-mail:\u00a0drpmafra@pc.sc.gov.brAtendimento ao p\u00fablico: das 13:00 \u00e0s 19:00h. Itai\u00f3polis &#8211; Delegacia de Pol\u00edcia da ComarcaRua Costa Carvalho, 388 &#8211; CentroItai\u00f3polis &#8211; SC &#8211; CEP: 89340-000Telefone: (47) 3647-0600e-mail:\u00a0dpitaiopolis@pc.sc.gov.br Mafra &#8211; Central de Plant\u00e3o [&hellip;]<\/p>\n","protected":false},"author":1,"featured_media":0,"parent":83,"menu_order":0,"comment_status":"closed","ping_status":"closed","template":"elementor_header_footer","meta":{"_monsterinsights_skip_tracking":false,"_monsterinsights_sitenote_active":false,"_monsterinsights_sitenote_note":"","_monsterinsights_sitenote_category":0,"footnotes":""},"class_list":["post-368","page","type-page","status-publish","hentry"],"_links":{"self":[{"href":"https:\/\/pc.sc.gov.br\/index.php?rest_route=\/wp\/v2\/pages\/368","targetHints":{"allow":["GET"]}}],"collection":[{"href":"https:\/\/pc.sc.gov.br\/index.php?rest_route=\/wp\/v2\/pages"}],"about":[{"href":"https:\/\/pc.sc.gov.br\/index.php?rest_route=\/wp\/v2\/types\/page"}],"author":[{"embeddable":true,"href":"https:\/\/pc.sc.gov.br\/index.php?rest_route=\/wp\/v2\/users\/1"}],"replies":[{"embeddable":true,"href":"https:\/\/pc.sc.gov.br\/index.php?rest_route=%2Fwp%2Fv2%2Fcomments&post=368"}],"version-history":[{"count":25,"href":"https:\/\/pc.sc.gov.br\/index.php?rest_route=\/wp\/v2\/pages\/368\/revisions"}],"predecessor-version":[{"id":27682,"href":"https:\/\/pc.sc.gov.br\/index.php?rest_route=\/wp\/v2\/pages\/368\/revisions\/27682"}],"up":[{"embeddable":true,"href":"https:\/\/pc.sc.gov.br\/index.php?rest_route=\/wp\/v2\/pages\/83"}],"wp:attachment":[{"href":"https:\/\/pc.sc.gov.br\/index.php?rest_route=%2Fwp%2Fv2%2Fmedia&parent=368"}],"curies":[{"name":"wp","href":"https:\/\/api.w.org\/{rel}","templated":true}]}}