{"id":38163,"date":"2026-04-22T16:28:33","date_gmt":"2026-04-22T19:28:33","guid":{"rendered":"https:\/\/pc.sc.gov.br\/?page_id=38163"},"modified":"2026-05-13T13:28:13","modified_gmt":"2026-05-13T16:28:13","slug":"elementor-38163","status":"publish","type":"page","link":"https:\/\/pc.sc.gov.br\/?page_id=38163","title":{"rendered":"Notas T\u00e9cnicas"},"content":{"rendered":"\t\t<div data-elementor-type=\"wp-page\" data-elementor-id=\"38163\" class=\"elementor elementor-38163\" data-elementor-post-type=\"page\">\n\t\t\t\t\t\t<section class=\"elementor-section elementor-top-section elementor-element elementor-element-a411e6a elementor-section-boxed elementor-section-height-default elementor-section-height-default\" data-id=\"a411e6a\" data-element_type=\"section\">\n\t\t\t\t\t\t<div class=\"elementor-container elementor-column-gap-default\">\n\t\t\t\t\t<div class=\"elementor-column elementor-col-100 elementor-top-column elementor-element elementor-element-5e9f4da\" data-id=\"5e9f4da\" data-element_type=\"column\">\n\t\t\t<div class=\"elementor-widget-wrap elementor-element-populated\">\n\t\t\t\t\t\t<div class=\"elementor-element elementor-element-c7298ef elementor-widget elementor-widget-heading\" data-id=\"c7298ef\" data-element_type=\"widget\" data-widget_type=\"heading.default\">\n\t\t\t\t<div class=\"elementor-widget-container\">\n\t\t\t\t\t<h2 class=\"elementor-heading-title elementor-size-default\">Centro de Apoio \u00e0 Atividade de Pol\u00edcia Judici\u00e1ria - CAAPJ<\/h2>\t\t\t\t<\/div>\n\t\t\t\t<\/div>\n\t\t\t\t<div class=\"elementor-element elementor-element-006fb9a elementor-widget elementor-widget-heading\" data-id=\"006fb9a\" data-element_type=\"widget\" data-widget_type=\"heading.default\">\n\t\t\t\t<div class=\"elementor-widget-container\">\n\t\t\t\t\t<h3 class=\"elementor-heading-title elementor-size-default\">Notas T\u00e9cnicas \u2013 CAAPJ<\/h3>\t\t\t\t<\/div>\n\t\t\t\t<\/div>\n\t\t\t\t<div class=\"elementor-element elementor-element-f3671e0 elementor-widget elementor-widget-text-editor\" data-id=\"f3671e0\" data-element_type=\"widget\" data-widget_type=\"text-editor.default\">\n\t\t\t\t<div class=\"elementor-widget-container\">\n\t\t\t\t\t\t\t\t\t<p><a href=\"https:\/\/pc.sc.gov.br\/\/wp-content\/uploads\/2026\/05\/nota-tecnica-no-002.2026.pdf\" target=\"_blank\" rel=\"noopener\">&#8211; NOTA T\u00c9CNICA N\u00ba 002\/2026<\/a><\/p>\t\t\t\t\t\t\t\t<\/div>\n\t\t\t\t<\/div>\n\t\t\t\t<div class=\"elementor-element elementor-element-5ac2576 elementor-widget elementor-widget-heading\" data-id=\"5ac2576\" data-element_type=\"widget\" data-widget_type=\"heading.default\">\n\t\t\t\t<div class=\"elementor-widget-container\">\n\t\t\t\t\t<h3 class=\"elementor-heading-title elementor-size-default\">Atribui\u00e7\u00e3o investigativa da Pol\u00edcia Civil para investigar os atos infracionais an\u00e1logos aos crimes federais. <\/h3>\t\t\t\t<\/div>\n\t\t\t\t<\/div>\n\t\t\t\t<div class=\"elementor-element elementor-element-4e368d4 elementor-widget elementor-widget-text-editor\" data-id=\"4e368d4\" data-element_type=\"widget\" data-widget_type=\"text-editor.default\">\n\t\t\t\t<div class=\"elementor-widget-container\">\n\t\t\t\t\t\t\t\t\t<p><a href=\"https:\/\/pc.sc.gov.br\/\/wp-content\/uploads\/2026\/05\/NOTA-TECNICA-01.2026-Armazenamento-e-Destruicao-de-Drogas.-Atribuicao.pdf\" target=\"_blank\" rel=\"noopener\">&#8211; NOTA T\u00c9CNICA N\u00ba 001\/2026<\/a><\/p>\t\t\t\t\t\t\t\t<\/div>\n\t\t\t\t<\/div>\n\t\t\t\t<div class=\"elementor-element elementor-element-13e1de0 elementor-widget elementor-widget-heading\" data-id=\"13e1de0\" data-element_type=\"widget\" data-widget_type=\"heading.default\">\n\t\t\t\t<div class=\"elementor-widget-container\">\n\t\t\t\t\t<h3 class=\"elementor-heading-title elementor-size-default\"><span class=\"_aupe copyable-text xkrh14z\">Armazenamento e Destrui\u00e7\u00e3o de Drogas Il\u00edcitas. Cadeia de Cust\u00f3dia<\/span><\/h3>\t\t\t\t<\/div>\n\t\t\t\t<\/div>\n\t\t\t\t<div class=\"elementor-element elementor-element-3953dc9 elementor-widget elementor-widget-text-editor\" data-id=\"3953dc9\" data-element_type=\"widget\" data-widget_type=\"text-editor.default\">\n\t\t\t\t<div class=\"elementor-widget-container\">\n\t\t\t\t\t\t\t\t\t<p><a href=\"https:\/\/pc.sc.gov.br\/\/wp-content\/uploads\/2026\/04\/Nota-14.-Requisicao-de-prontuarios-medicos-por-Autoridade-Policial.-Possibilidade.pdf\" target=\"_blank\" rel=\"noopener\">&#8211; NOTA T\u00c9CNICA N\u00ba 14\/2023<\/a><\/p>\t\t\t\t\t\t\t\t<\/div>\n\t\t\t\t<\/div>\n\t\t\t\t<div class=\"elementor-element elementor-element-2419b38 elementor-widget elementor-widget-heading\" data-id=\"2419b38\" data-element_type=\"widget\" data-widget_type=\"heading.default\">\n\t\t\t\t<div class=\"elementor-widget-container\">\n\t\t\t\t\t<h3 class=\"elementor-heading-title elementor-size-default\">Prontu\u00e1rio m\u00e9dico. Requisi\u00e7\u00e3o por Delegado de Pol\u00edcia. Possibilidade.<\/h3>\t\t\t\t<\/div>\n\t\t\t\t<\/div>\n\t\t\t\t<div class=\"elementor-element elementor-element-748c4f8 elementor-widget elementor-widget-video\" data-id=\"748c4f8\" data-element_type=\"widget\" data-settings=\"{&quot;youtube_url&quot;:&quot;https:\\\/\\\/www.youtube.com\\\/watch?v=437lr1-Cjdo&quot;,&quot;video_type&quot;:&quot;youtube&quot;,&quot;controls&quot;:&quot;yes&quot;}\" data-widget_type=\"video.default\">\n\t\t\t\t<div class=\"elementor-widget-container\">\n\t\t\t\t\t\t\t<div class=\"elementor-wrapper elementor-open-inline\">\n\t\t\t<div class=\"elementor-video\"><\/div>\t\t<\/div>\n\t\t\t\t\t\t<\/div>\n\t\t\t\t<\/div>\n\t\t\t\t<div class=\"elementor-element elementor-element-e0b8013 elementor-widget elementor-widget-text-editor\" data-id=\"e0b8013\" data-element_type=\"widget\" data-widget_type=\"text-editor.default\">\n\t\t\t\t<div class=\"elementor-widget-container\">\n\t\t\t\t\t\t\t\t\t<p><a href=\"https:\/\/pc.sc.gov.br\/\/wp-content\/uploads\/2026\/04\/NOTA-TECNICA-13-Participacao-de-advogados-em-oitivas-de-procedimentos-de-PJ.pdf\" target=\"_blank\" rel=\"noopener\">&#8211; NOTA T\u00c9CNICA N\u00ba 13\/2023<\/a><\/p>\t\t\t\t\t\t\t\t<\/div>\n\t\t\t\t<\/div>\n\t\t\t\t<div class=\"elementor-element elementor-element-580427c elementor-widget elementor-widget-heading\" data-id=\"580427c\" data-element_type=\"widget\" data-widget_type=\"heading.default\">\n\t\t\t\t<div class=\"elementor-widget-container\">\n\t\t\t\t\t<h3 class=\"elementor-heading-title elementor-size-default\">Participa\u00e7\u00e3o de advogados em oitivas de procedimentos de Pol\u00edcia Judici\u00e1ria.<\/h3>\t\t\t\t<\/div>\n\t\t\t\t<\/div>\n\t\t\t\t<div class=\"elementor-element elementor-element-7c6f660 elementor-widget elementor-widget-video\" data-id=\"7c6f660\" data-element_type=\"widget\" data-settings=\"{&quot;youtube_url&quot;:&quot;https:\\\/\\\/www.youtube.com\\\/watch?v=9Z831PFOGyE&quot;,&quot;video_type&quot;:&quot;youtube&quot;,&quot;controls&quot;:&quot;yes&quot;}\" data-widget_type=\"video.default\">\n\t\t\t\t<div class=\"elementor-widget-container\">\n\t\t\t\t\t\t\t<div class=\"elementor-wrapper elementor-open-inline\">\n\t\t\t<div class=\"elementor-video\"><\/div>\t\t<\/div>\n\t\t\t\t\t\t<\/div>\n\t\t\t\t<\/div>\n\t\t\t\t<div class=\"elementor-element elementor-element-287d8cd elementor-widget elementor-widget-text-editor\" data-id=\"287d8cd\" data-element_type=\"widget\" data-widget_type=\"text-editor.default\">\n\t\t\t\t<div class=\"elementor-widget-container\">\n\t\t\t\t\t\t\t\t\t<p><a href=\"https:\/\/pc.sc.gov.br\/\/wp-content\/uploads\/2026\/04\/Nota-Tecnica-12.-Violacao-patrimonial-de-pessoa-idosa.-tipicidade-penal.-atribuicao-de-Unidade-Policial.pdf\" target=\"_blank\" rel=\"noopener\">&#8211; NOTA T\u00c9CNICA N\u00ba 12\/2023<\/a><\/p>\t\t\t\t\t\t\t\t<\/div>\n\t\t\t\t<\/div>\n\t\t\t\t<div class=\"elementor-element elementor-element-b0340fd elementor-widget elementor-widget-heading\" data-id=\"b0340fd\" data-element_type=\"widget\" data-widget_type=\"heading.default\">\n\t\t\t\t<div class=\"elementor-widget-container\">\n\t\t\t\t\t<h3 class=\"elementor-heading-title elementor-size-default\">Tipicidade penal de crimes patrimoniais envolvendo pessoa idosa. Aparente conflito de normas.<\/h3>\t\t\t\t<\/div>\n\t\t\t\t<\/div>\n\t\t\t\t<div class=\"elementor-element elementor-element-210faba elementor-widget elementor-widget-video\" data-id=\"210faba\" data-element_type=\"widget\" data-settings=\"{&quot;youtube_url&quot;:&quot;https:\\\/\\\/www.youtube.com\\\/watch?v=5xT99Z5nN2M&quot;,&quot;video_type&quot;:&quot;youtube&quot;,&quot;controls&quot;:&quot;yes&quot;}\" data-widget_type=\"video.default\">\n\t\t\t\t<div class=\"elementor-widget-container\">\n\t\t\t\t\t\t\t<div class=\"elementor-wrapper elementor-open-inline\">\n\t\t\t<div class=\"elementor-video\"><\/div>\t\t<\/div>\n\t\t\t\t\t\t<\/div>\n\t\t\t\t<\/div>\n\t\t\t\t<div class=\"elementor-element elementor-element-888cd0f elementor-widget elementor-widget-text-editor\" data-id=\"888cd0f\" data-element_type=\"widget\" data-widget_type=\"text-editor.default\">\n\t\t\t\t<div class=\"elementor-widget-container\">\n\t\t\t\t\t\t\t\t\t<p><a href=\"https:\/\/pc.sc.gov.br\/\/wp-content\/uploads\/2026\/04\/Nota-11.-Prisao-em-flagrante.-Apresentacao-espontanea.pdf\" target=\"_blank\" rel=\"noopener\">&#8211; NOTA T\u00c9CNICA N\u00ba 11\/2023<\/a><\/p>\t\t\t\t\t\t\t\t<\/div>\n\t\t\t\t<\/div>\n\t\t\t\t<div class=\"elementor-element elementor-element-58782ba elementor-widget elementor-widget-heading\" data-id=\"58782ba\" data-element_type=\"widget\" data-widget_type=\"heading.default\">\n\t\t\t\t<div class=\"elementor-widget-container\">\n\t\t\t\t\t<h3 class=\"elementor-heading-title elementor-size-default\">Apresenta\u00e7\u00e3o espont\u00e2nea. Auto de pris\u00e3o em flagrante. Possibilidade.<\/h3>\t\t\t\t<\/div>\n\t\t\t\t<\/div>\n\t\t\t\t<div class=\"elementor-element elementor-element-35b06bf elementor-widget elementor-widget-video\" data-id=\"35b06bf\" data-element_type=\"widget\" data-settings=\"{&quot;youtube_url&quot;:&quot;https:\\\/\\\/www.youtube.com\\\/watch?v=uJ7KvTQM0kQ&quot;,&quot;video_type&quot;:&quot;youtube&quot;,&quot;controls&quot;:&quot;yes&quot;}\" data-widget_type=\"video.default\">\n\t\t\t\t<div class=\"elementor-widget-container\">\n\t\t\t\t\t\t\t<div class=\"elementor-wrapper elementor-open-inline\">\n\t\t\t<div class=\"elementor-video\"><\/div>\t\t<\/div>\n\t\t\t\t\t\t<\/div>\n\t\t\t\t<\/div>\n\t\t\t\t<div class=\"elementor-element elementor-element-ac60850 elementor-widget elementor-widget-text-editor\" data-id=\"ac60850\" data-element_type=\"widget\" data-widget_type=\"text-editor.default\">\n\t\t\t\t<div class=\"elementor-widget-container\">\n\t\t\t\t\t\t\t\t\t<p><a href=\"https:\/\/pc.sc.gov.br\/\/wp-content\/uploads\/2026\/04\/COMPARTILHAMENTO-de-dados-pessoais-de-vitimas-de-violencia.-dados-estatisticos.-FINAL.pdf\" target=\"_blank\" rel=\"noopener\">&#8211; NOTA T\u00c9CNICA N\u00ba 10\/2023<\/a><\/p>\t\t\t\t\t\t\t\t<\/div>\n\t\t\t\t<\/div>\n\t\t\t\t<div class=\"elementor-element elementor-element-1ed453d elementor-widget elementor-widget-heading\" data-id=\"1ed453d\" data-element_type=\"widget\" data-widget_type=\"heading.default\">\n\t\t\t\t<div class=\"elementor-widget-container\">\n\t\t\t\t\t<h3 class=\"elementor-heading-title elementor-size-default\">Compartilhamento de dados pessoais de v\u00edtimas de Viol\u00eancia Dom\u00e9stica com \u00f3rg\u00e3os da rede de prote\u00e7\u00e3o.<\/h3>\t\t\t\t<\/div>\n\t\t\t\t<\/div>\n\t\t\t\t<div class=\"elementor-element elementor-element-c6b9fbd elementor-widget elementor-widget-video\" data-id=\"c6b9fbd\" data-element_type=\"widget\" data-settings=\"{&quot;youtube_url&quot;:&quot;https:\\\/\\\/www.youtube.com\\\/watch?v=o9EgxGE61qU&quot;,&quot;video_type&quot;:&quot;youtube&quot;,&quot;controls&quot;:&quot;yes&quot;}\" data-widget_type=\"video.default\">\n\t\t\t\t<div class=\"elementor-widget-container\">\n\t\t\t\t\t\t\t<div class=\"elementor-wrapper elementor-open-inline\">\n\t\t\t<div class=\"elementor-video\"><\/div>\t\t<\/div>\n\t\t\t\t\t\t<\/div>\n\t\t\t\t<\/div>\n\t\t\t\t<div class=\"elementor-element elementor-element-2379821 elementor-widget elementor-widget-text-editor\" data-id=\"2379821\" data-element_type=\"widget\" data-widget_type=\"text-editor.default\">\n\t\t\t\t<div class=\"elementor-widget-container\">\n\t\t\t\t\t\t\t\t\t<p><a href=\"https:\/\/pc.sc.gov.br\/\/wp-content\/uploads\/2026\/04\/Nota-09.-Divulgacao-de-imagens-de-suspeitos-ligados-a-infracoes-penais.-possibilidade.pdf\" target=\"_blank\" rel=\"noopener\">&#8211; NOTA T\u00c9CNICA N\u00ba 09\/2023<\/a><\/p>\t\t\t\t\t\t\t\t<\/div>\n\t\t\t\t<\/div>\n\t\t\t\t<div class=\"elementor-element elementor-element-264f197 elementor-widget elementor-widget-heading\" data-id=\"264f197\" data-element_type=\"widget\" data-widget_type=\"heading.default\">\n\t\t\t\t<div class=\"elementor-widget-container\">\n\t\t\t\t\t<h3 class=\"elementor-heading-title elementor-size-default\">Divulga\u00e7\u00e3o de imagens de indiv\u00edduos ligados a infra\u00e7\u00f5es penais. Possibilidade.<\/h3>\t\t\t\t<\/div>\n\t\t\t\t<\/div>\n\t\t\t\t<div class=\"elementor-element elementor-element-5e733b0 elementor-widget elementor-widget-text-editor\" data-id=\"5e733b0\" data-element_type=\"widget\" data-widget_type=\"text-editor.default\">\n\t\t\t\t<div class=\"elementor-widget-container\">\n\t\t\t\t\t\t\t\t\t<p><a href=\"https:\/\/pc.sc.gov.br\/\/wp-content\/uploads\/2026\/04\/Nota-08.-Morte-Causa-Externa.-Instauracao-de-inquerito-policial.pdf\" target=\"_blank\" rel=\"noopener\">&#8211; NOTA T\u00c9CNICA N\u00ba 08\/2023<\/a><\/p>\t\t\t\t\t\t\t\t<\/div>\n\t\t\t\t<\/div>\n\t\t\t\t<div class=\"elementor-element elementor-element-004fd55 elementor-widget elementor-widget-heading\" data-id=\"004fd55\" data-element_type=\"widget\" data-widget_type=\"heading.default\">\n\t\t\t\t<div class=\"elementor-widget-container\">\n\t\t\t\t\t<h3 class=\"elementor-heading-title elementor-size-default\">\u00d3bito. Causa externa. Instaura\u00e7\u00e3o de inqu\u00e9rito.<\/h3>\t\t\t\t<\/div>\n\t\t\t\t<\/div>\n\t\t\t\t<div class=\"elementor-element elementor-element-7fdb389 elementor-widget elementor-widget-text-editor\" data-id=\"7fdb389\" data-element_type=\"widget\" data-widget_type=\"text-editor.default\">\n\t\t\t\t<div class=\"elementor-widget-container\">\n\t\t\t\t\t\t\t\t\t<p><a href=\"https:\/\/pc.sc.gov.br\/\/wp-content\/uploads\/2026\/04\/NOTA.-Acesso.-Boletins-de-Ocorencia.-Advogados.-Partes.-Imprensa.-Possibilidade.pdf\" target=\"_blank\" rel=\"noopener\">&#8211; NOTA T\u00c9CNICA N\u00ba 07\/2023<\/a><\/p>\t\t\t\t\t\t\t\t<\/div>\n\t\t\t\t<\/div>\n\t\t\t\t<div class=\"elementor-element elementor-element-934cfa4 elementor-widget elementor-widget-heading\" data-id=\"934cfa4\" data-element_type=\"widget\" data-widget_type=\"heading.default\">\n\t\t\t\t<div class=\"elementor-widget-container\">\n\t\t\t\t\t<h3 class=\"elementor-heading-title elementor-size-default\">Boletins de Ocorr\u00eancia. SISP. Acesso. Advogados. Interessados. Imprensa.<\/h3>\t\t\t\t<\/div>\n\t\t\t\t<\/div>\n\t\t\t\t<div class=\"elementor-element elementor-element-83620a2 elementor-widget elementor-widget-text-editor\" data-id=\"83620a2\" data-element_type=\"widget\" data-widget_type=\"text-editor.default\">\n\t\t\t\t<div class=\"elementor-widget-container\">\n\t\t\t\t\t\t\t\t\t<p><a href=\"https:\/\/pc.sc.gov.br\/\/wp-content\/uploads\/2026\/04\/NOTA-06.-Uso-de-algemas.-marca-passo.-custodiados-em-unidades-policiais.pdf\" target=\"_blank\" rel=\"noopener\">&#8211; NOTA T\u00c9CNICA N\u00ba 06\/2022<\/a><\/p>\t\t\t\t\t\t\t\t<\/div>\n\t\t\t\t<\/div>\n\t\t\t\t<div class=\"elementor-element elementor-element-bcf9b1a elementor-widget elementor-widget-heading\" data-id=\"bcf9b1a\" data-element_type=\"widget\" data-widget_type=\"heading.default\">\n\t\t\t\t<div class=\"elementor-widget-container\">\n\t\t\t\t\t<h3 class=\"elementor-heading-title elementor-size-default\">Uso de Algemas. \u201cMarca-Passo\u201d. Custodiados em Delegacias.<\/h3>\t\t\t\t<\/div>\n\t\t\t\t<\/div>\n\t\t\t\t<div class=\"elementor-element elementor-element-e0e8a10 elementor-widget elementor-widget-text-editor\" data-id=\"e0e8a10\" data-element_type=\"widget\" data-widget_type=\"text-editor.default\">\n\t\t\t\t<div class=\"elementor-widget-container\">\n\t\t\t\t\t\t\t\t\t<p><a href=\"https:\/\/pc.sc.gov.br\/\/wp-content\/uploads\/2026\/04\/BOICOTE-COMERCIAL.-MANIFESTACOES-PARTIDARIAS.-TIPICIDADE-PENAL.pdf\" target=\"_blank\" rel=\"noopener\">&#8211; NOTA T\u00c9CNICA N\u00ba 05\/2022<\/a><\/p>\t\t\t\t\t\t\t\t<\/div>\n\t\t\t\t<\/div>\n\t\t\t\t<div class=\"elementor-element elementor-element-251f601 elementor-widget elementor-widget-heading\" data-id=\"251f601\" data-element_type=\"widget\" data-widget_type=\"heading.default\">\n\t\t\t\t<div class=\"elementor-widget-container\">\n\t\t\t\t\t<h3 class=\"elementor-heading-title elementor-size-default\">Manifesta\u00e7\u00f5es pol\u00edtico-partid\u00e1rias por meio de redes sociais envolvendo atividades comerciais. Tipicidade penal.<\/h3>\t\t\t\t<\/div>\n\t\t\t\t<\/div>\n\t\t\t\t<div class=\"elementor-element elementor-element-d53ac23 elementor-widget elementor-widget-text-editor\" data-id=\"d53ac23\" data-element_type=\"widget\" data-widget_type=\"text-editor.default\">\n\t\t\t\t<div class=\"elementor-widget-container\">\n\t\t\t\t\t\t\t\t\t<p><a href=\"https:\/\/pc.sc.gov.br\/\/wp-content\/uploads\/2026\/04\/NOTA-RECEPTACAO.-DELITO-PRCEDENTE.-FINAL.pdf\" target=\"_blank\" rel=\"noopener\">&#8211; NOTA T\u00c9CNICA N\u00ba 03\/2022<\/a><\/p>\t\t\t\t\t\t\t\t<\/div>\n\t\t\t\t<\/div>\n\t\t\t\t<div class=\"elementor-element elementor-element-7373d70 elementor-widget elementor-widget-heading\" data-id=\"7373d70\" data-element_type=\"widget\" data-widget_type=\"heading.default\">\n\t\t\t\t<div class=\"elementor-widget-container\">\n\t\t\t\t\t<h3 class=\"elementor-heading-title elementor-size-default\">Crime de Recepta\u00e7\u00e3o qualificada (art. 180, \u00a71 do CP). Delito precedente n\u00e3o patrimonial. Tipicidade penal.<\/h3>\t\t\t\t<\/div>\n\t\t\t\t<\/div>\n\t\t\t\t<div class=\"elementor-element elementor-element-724bee4 elementor-widget elementor-widget-text-editor\" data-id=\"724bee4\" data-element_type=\"widget\" data-widget_type=\"text-editor.default\">\n\t\t\t\t<div class=\"elementor-widget-container\">\n\t\t\t\t\t\t\t\t\t<p><a href=\"https:\/\/pc.sc.gov.br\/\/wp-content\/uploads\/2026\/04\/CONTRABANDO.-RECEPTACAO.ATRIBUICAO-INVESTIGATIVA.pdf\" target=\"_blank\" rel=\"noopener\">&#8211; NOTA T\u00c9CNICA N\u00ba 02\/2022<\/a><\/p>\t\t\t\t\t\t\t\t<\/div>\n\t\t\t\t<\/div>\n\t\t\t\t<div class=\"elementor-element elementor-element-acb40be elementor-widget elementor-widget-heading\" data-id=\"acb40be\" data-element_type=\"widget\" data-widget_type=\"heading.default\">\n\t\t\t\t<div class=\"elementor-widget-container\">\n\t\t\t\t\t<h3 class=\"elementor-heading-title elementor-size-default\">Crime de contrabando. Atribui\u00e7\u00e3o investigativa.<\/h3>\t\t\t\t<\/div>\n\t\t\t\t<\/div>\n\t\t\t\t<div class=\"elementor-element elementor-element-f8f83ad elementor-widget elementor-widget-text-editor\" data-id=\"f8f83ad\" data-element_type=\"widget\" data-widget_type=\"text-editor.default\">\n\t\t\t\t<div class=\"elementor-widget-container\">\n\t\t\t\t\t\t\t\t\t<p><a href=\"https:\/\/pc.sc.gov.br\/\/wp-content\/uploads\/2026\/04\/Nota-Tecnica-no-1.pdf\" target=\"_blank\" rel=\"noopener\">&#8211; NOTA T\u00c9CNICA N\u00ba 01\/2022<\/a><\/p>\t\t\t\t\t\t\t\t<\/div>\n\t\t\t\t<\/div>\n\t\t\t\t<div class=\"elementor-element elementor-element-34245d4 elementor-widget elementor-widget-heading\" data-id=\"34245d4\" data-element_type=\"widget\" data-widget_type=\"heading.default\">\n\t\t\t\t<div class=\"elementor-widget-container\">\n\t\t\t\t\t<h3 class=\"elementor-heading-title elementor-size-default\">\u2018Cigarro eletr\u00f4nico\u2019. Tipicidade penal. Apreens\u00e3o criminal.<\/h3>\t\t\t\t<\/div>\n\t\t\t\t<\/div>\n\t\t\t\t<div class=\"elementor-element elementor-element-55b59c4 elementor-widget elementor-widget-button\" data-id=\"55b59c4\" data-element_type=\"widget\" data-widget_type=\"button.default\">\n\t\t\t\t<div class=\"elementor-widget-container\">\n\t\t\t\t\t\t\t\t\t<div class=\"elementor-button-wrapper\">\n\t\t\t\t\t<a class=\"elementor-button elementor-button-link elementor-size-sm elementor-animation-grow\" href=\"https:\/\/pc.sc.gov.br\/?page_id=37962\">\n\t\t\t\t\t\t<span class=\"elementor-button-content-wrapper\">\n\t\t\t\t\t\t<span class=\"elementor-button-icon\">\n\t\t\t\t<i aria-hidden=\"true\" class=\"fas fa-arrow-left\"><\/i>\t\t\t<\/span>\n\t\t\t\t\t\t\t\t<\/span>\n\t\t\t\t\t<\/a>\n\t\t\t\t<\/div>\n\t\t\t\t\t\t\t\t<\/div>\n\t\t\t\t<\/div>\n\t\t\t\t\t<\/div>\n\t\t<\/div>\n\t\t\t\t\t<\/div>\n\t\t<\/section>\n\t\t\t\t<\/div>\n\t\t","protected":false},"excerpt":{"rendered":"<p>Centro de Apoio \u00e0 Atividade de Pol\u00edcia Judici\u00e1ria &#8211; CAAPJ Notas T\u00e9cnicas \u2013 CAAPJ &#8211; NOTA T\u00c9CNICA N\u00ba 002\/2026 Atribui\u00e7\u00e3o investigativa da Pol\u00edcia Civil para investigar os atos infracionais an\u00e1logos aos crimes federais. &#8211; NOTA T\u00c9CNICA N\u00ba 001\/2026 Armazenamento e Destrui\u00e7\u00e3o de Drogas Il\u00edcitas. Cadeia de Cust\u00f3dia &#8211; NOTA T\u00c9CNICA N\u00ba 14\/2023 Prontu\u00e1rio m\u00e9dico. Requisi\u00e7\u00e3o [&hellip;]<\/p>\n","protected":false},"author":10,"featured_media":0,"parent":0,"menu_order":0,"comment_status":"closed","ping_status":"closed","template":"","meta":{"_monsterinsights_skip_tracking":false,"_monsterinsights_sitenote_active":false,"_monsterinsights_sitenote_note":"","_monsterinsights_sitenote_category":0,"footnotes":""},"class_list":["post-38163","page","type-page","status-publish","hentry"],"_links":{"self":[{"href":"https:\/\/pc.sc.gov.br\/index.php?rest_route=\/wp\/v2\/pages\/38163","targetHints":{"allow":["GET"]}}],"collection":[{"href":"https:\/\/pc.sc.gov.br\/index.php?rest_route=\/wp\/v2\/pages"}],"about":[{"href":"https:\/\/pc.sc.gov.br\/index.php?rest_route=\/wp\/v2\/types\/page"}],"author":[{"embeddable":true,"href":"https:\/\/pc.sc.gov.br\/index.php?rest_route=\/wp\/v2\/users\/10"}],"replies":[{"embeddable":true,"href":"https:\/\/pc.sc.gov.br\/index.php?rest_route=%2Fwp%2Fv2%2Fcomments&post=38163"}],"version-history":[{"count":61,"href":"https:\/\/pc.sc.gov.br\/index.php?rest_route=\/wp\/v2\/pages\/38163\/revisions"}],"predecessor-version":[{"id":39159,"href":"https:\/\/pc.sc.gov.br\/index.php?rest_route=\/wp\/v2\/pages\/38163\/revisions\/39159"}],"wp:attachment":[{"href":"https:\/\/pc.sc.gov.br\/index.php?rest_route=%2Fwp%2Fv2%2Fmedia&parent=38163"}],"curies":[{"name":"wp","href":"https:\/\/api.w.org\/{rel}","templated":true}]}}