{"id":43,"date":"2022-10-14T15:47:02","date_gmt":"2022-10-14T18:47:02","guid":{"rendered":"https:\/\/pc.sc.gov.br\/?page_id=43"},"modified":"2026-04-22T12:27:46","modified_gmt":"2026-04-22T15:27:46","slug":"delegacia_geral","status":"publish","type":"page","link":"https:\/\/pc.sc.gov.br\/?page_id=43","title":{"rendered":"Delegacia Geral"},"content":{"rendered":"\t\t<div data-elementor-type=\"wp-page\" data-elementor-id=\"43\" class=\"elementor elementor-43\" data-elementor-post-type=\"page\">\n\t\t\t\t\t\t<section class=\"elementor-section elementor-top-section elementor-element elementor-element-062eec2 elementor-section-boxed elementor-section-height-default elementor-section-height-default\" data-id=\"062eec2\" data-element_type=\"section\">\n\t\t\t\t\t\t<div class=\"elementor-container elementor-column-gap-default\">\n\t\t\t\t\t<div class=\"elementor-column elementor-col-100 elementor-top-column elementor-element elementor-element-a22ed62\" data-id=\"a22ed62\" data-element_type=\"column\">\n\t\t\t<div class=\"elementor-widget-wrap elementor-element-populated\">\n\t\t\t\t\t\t<div class=\"elementor-element elementor-element-1c287ad elementor-widget elementor-widget-heading\" data-id=\"1c287ad\" data-element_type=\"widget\" data-widget_type=\"heading.default\">\n\t\t\t\t<div class=\"elementor-widget-container\">\n\t\t\t\t\t<h2 class=\"elementor-heading-title elementor-size-default\">Delegacia Geral<\/h2>\t\t\t\t<\/div>\n\t\t\t\t<\/div>\n\t\t\t\t\t<\/div>\n\t\t<\/div>\n\t\t\t\t\t<\/div>\n\t\t<\/section>\n\t\t\t\t<section class=\"elementor-section elementor-top-section elementor-element elementor-element-a67a961 elementor-section-boxed elementor-section-height-default elementor-section-height-default\" data-id=\"a67a961\" data-element_type=\"section\">\n\t\t\t\t\t\t<div class=\"elementor-container elementor-column-gap-default\">\n\t\t\t\t\t<div class=\"elementor-column elementor-col-50 elementor-top-column elementor-element elementor-element-94d649b elementor-hidden-tablet elementor-hidden-mobile\" data-id=\"94d649b\" data-element_type=\"column\">\n\t\t\t<div class=\"elementor-widget-wrap elementor-element-populated\">\n\t\t\t\t\t\t<div class=\"elementor-element elementor-element-0599e8e elementor-hidden-tablet elementor-hidden-mobile elementor-widget elementor-widget-image\" data-id=\"0599e8e\" data-element_type=\"widget\" data-widget_type=\"image.default\">\n\t\t\t\t<div class=\"elementor-widget-container\">\n\t\t\t\t\t\t\t\t\t\t\t\t\t\t\t<img fetchpriority=\"high\" decoding=\"async\" width=\"696\" height=\"703\" src=\"https:\/\/pc.sc.gov.br\/\/wp-content\/uploads\/2026\/03\/WhatsApp-Image-2026-03-04-at-12.23.25-1014x1024.jpeg\" class=\"attachment-large size-large wp-image-36653\" alt=\"Delegado-Geral Marcelo Sampaio Nogueira\" srcset=\"https:\/\/pc.sc.gov.br\/\/wp-content\/uploads\/2026\/03\/WhatsApp-Image-2026-03-04-at-12.23.25-1014x1024.jpeg 1014w, https:\/\/pc.sc.gov.br\/\/wp-content\/uploads\/2026\/03\/WhatsApp-Image-2026-03-04-at-12.23.25-297x300.jpeg 297w, https:\/\/pc.sc.gov.br\/\/wp-content\/uploads\/2026\/03\/WhatsApp-Image-2026-03-04-at-12.23.25-768x775.jpeg 768w, https:\/\/pc.sc.gov.br\/\/wp-content\/uploads\/2026\/03\/WhatsApp-Image-2026-03-04-at-12.23.25.jpeg 1268w\" sizes=\"(max-width: 696px) 100vw, 696px\" \/>\t\t\t\t\t\t\t\t\t\t\t\t\t\t\t<\/div>\n\t\t\t\t<\/div>\n\t\t\t\t\t<\/div>\n\t\t<\/div>\n\t\t\t\t<div class=\"elementor-column elementor-col-50 elementor-top-column elementor-element elementor-element-48947f8\" data-id=\"48947f8\" data-element_type=\"column\">\n\t\t\t<div class=\"elementor-widget-wrap elementor-element-populated\">\n\t\t\t\t\t\t<div class=\"elementor-element elementor-element-154f943 elementor-hidden-desktop elementor-widget elementor-widget-image\" data-id=\"154f943\" data-element_type=\"widget\" data-widget_type=\"image.default\">\n\t\t\t\t<div class=\"elementor-widget-container\">\n\t\t\t\t\t\t\t\t\t\t\t\t\t\t\t<img decoding=\"async\" src=\"https:\/\/pc.sc.gov.br\/\/wp-content\/uploads\/2026\/03\/WhatsApp-Image-2026-03-04-at-12.23.25.jpeg\" title=\"Delegado-Geral Marcelo Sampaio Nogueira\" alt=\"Delegado-Geral Marcelo Sampaio Nogueira\" loading=\"lazy\" \/>\t\t\t\t\t\t\t\t\t\t\t\t\t\t\t<\/div>\n\t\t\t\t<\/div>\n\t\t\t\t<div class=\"elementor-element elementor-element-4481ac4 elementor-widget elementor-widget-text-editor\" data-id=\"4481ac4\" data-element_type=\"widget\" data-widget_type=\"text-editor.default\">\n\t\t\t\t<div class=\"elementor-widget-container\">\n\t\t\t\t\t\t\t\t\tDelegado-Geral <b>Marcelo Sampaio Nogueira<\/b>\t\t\t\t\t\t\t\t<\/div>\n\t\t\t\t<\/div>\n\t\t\t\t<div class=\"elementor-element elementor-element-d14ddb1 elementor-widget elementor-widget-text-editor\" data-id=\"d14ddb1\" data-element_type=\"widget\" data-widget_type=\"text-editor.default\">\n\t\t\t\t<div class=\"elementor-widget-container\">\n\t\t\t\t\t\t\t\t\t<p>O Delegado-Geral Marcelo Sampaio Nogueira \u00e9 natural de Nova Londrina (PR), onde nasceu em 24 de abril de 1982. Sua trajet\u00f3ria profissional \u00e9 marcada pela dedica\u00e7\u00e3o ao servi\u00e7o p\u00fablico e \u00e0 seguran\u00e7a p\u00fablica catarinense. Graduado em Direito pelo Centro Universit\u00e1rio Unifieo, em Osasco (SP), \u00e9 especialista em Gest\u00e3o de Seguran\u00e7a P\u00fablica pela Unisul, em Santa Catarina. Ingressou no servi\u00e7o p\u00fablico aos 18 anos, com passagens pela Universidade de S\u00e3o Paulo, pelo Minist\u00e9rio P\u00fablico de S\u00e3o Paulo, pelo Tribunal de Al\u00e7ada Criminal de S\u00e3o Paulo e pelo Tribunal de Justi\u00e7a de S\u00e3o Paulo, acumulando experi\u00eancia nas mais diversas frentes do sistema de Justi\u00e7a.<\/p><p>Em 4 de novembro de 2009, tomou posse como delegado de Pol\u00edcia Civil em Santa Catarina. Ap\u00f3s o curso de forma\u00e7\u00e3o inicial, iniciou sua atua\u00e7\u00e3o na Delegacia de Pol\u00edcia da Comarca de Conc\u00f3rdia, onde permaneceu at\u00e9 junho de 2014. Na sequ\u00eancia, foi promovido \u00e0 entr\u00e2ncia final e foi atuar em Timb\u00f3, em seguida, tamb\u00e9m atuou na DPCAMI de Blumenau. Em janeiro de 2015, retornou \u00e0 Conc\u00f3rdia como Delegado Regional, fun\u00e7\u00e3o que exerceu por oito anos, at\u00e9 janeiro de 2023, quando assumiu a chefia de Gabinete do ent\u00e3o Delegado-Geral Ulisses Gabriel.<\/p><p>Em 2025, foi eleito membro do Conselho Superior da Pol\u00edcia Civil, com 212 votos de delegados de todo o estado, passando a integrar o colegiado como representante eleito da classe \u2014 fun\u00e7\u00e3o que se somou \u00e0 participa\u00e7\u00e3o institucional j\u00e1 exercida em raz\u00e3o do cargo de dire\u00e7\u00e3o. Paralelamente \u00e0 carreira policial, foi professor universit\u00e1rio em Conc\u00f3rdia entre 2017 e 2022, lecionando cadeiras de Direito Penal em institui\u00e7\u00f5es privadas.<\/p><p>Marcelo Sampaio Nogueira \u00e9 Delegado-Geral Pol\u00edcia Civil de Santa Catarina desde o dia 03 de mar\u00e7o de 2026, quando assumiu o compromisso de dar continuidade ao fortalecimento institucional, \u00e0 valoriza\u00e7\u00e3o dos policiais civis e ao aprimoramento das a\u00e7\u00f5es de investiga\u00e7\u00e3o e atendimento \u00e0 popula\u00e7\u00e3o catarinense.<\/p>\t\t\t\t\t\t\t\t<\/div>\n\t\t\t\t<\/div>\n\t\t\t\t<div class=\"elementor-element elementor-element-fdfbcab elementor-widget elementor-widget-text-editor\" data-id=\"fdfbcab\" data-element_type=\"widget\" data-widget_type=\"text-editor.default\">\n\t\t\t\t<div class=\"elementor-widget-container\">\n\t\t\t\t\t\t\t\t\t<!-- Ulisses Gabriel - O delegado-geral Ulisses Gabriel \u00e9 natural do munic\u00edpio catarinense de Turvo e tomou posse na Pol\u00edcia Civil de Santa Catarina em 2007. Antes de assumir a delegacia-geral, no dia 10 de janeiro de 2023, sua \u00faltima lota\u00e7\u00e3o era na Delegacia de Prote\u00e7\u00e3o \u00e0 Crian\u00e7a, ao Adolescente, \u00e0 Mulher e ao Idoso de Crici\u00fama. Ulisses j\u00e1 trabalhou na Delegacia Regional de Tubar\u00e3o em 2014, na Acadepol (2015 a 2016) e na Corregedoria da PCSC em 2017. J\u00e1 foi delegado substituto em Ararangu\u00e1 (2008 e 2009) e delegado substituto na Divis\u00e3o de Investiga\u00e7\u00e3o Criminal de Crici\u00fama (2009 e 2010), unidade onde voltou a atuar no ano de 2015.\n\nUlisses atuou ainda em Orleans como delegado substituto (2007 a 2008) e titular (de 2010 a 2014 e entre 2018 a 2021). J\u00e1 foi delegado titular em Urussanga (2021 a 2022). Em 2022, foi promovido para entr\u00e2ncia especial para a Comarca de Crici\u00fama. Al\u00e9m disso, Ulisses foi professor da Acadepol e presidente da Associa\u00e7\u00e3o dos Delegados de Pol\u00edcia de Santa Catarina (Adepol) por dois mandatos.\n\nEntre os diversos cursos que comp\u00f5em a forma\u00e7\u00e3o do delegado Ulisses, destaca-se o mestrado em Direito pela Unesc, a gradua\u00e7\u00e3o em Direito pela Unisul e os cursos de especializa\u00e7\u00e3o em Direito Processual Civil pela Univali e em Marketing Empresarial pelo Unibave. -->\t\t\t\t\t\t\t\t<\/div>\n\t\t\t\t<\/div>\n\t\t\t\t\t<\/div>\n\t\t<\/div>\n\t\t\t\t\t<\/div>\n\t\t<\/section>\n\t\t\t\t<\/div>\n\t\t","protected":false},"excerpt":{"rendered":"<p>Delegacia Geral Delegado-Geral Marcelo Sampaio Nogueira O Delegado-Geral Marcelo Sampaio Nogueira \u00e9 natural de Nova Londrina (PR), onde nasceu em 24 de abril de 1982. Sua trajet\u00f3ria profissional \u00e9 marcada pela dedica\u00e7\u00e3o ao servi\u00e7o p\u00fablico e \u00e0 seguran\u00e7a p\u00fablica catarinense. Graduado em Direito pelo Centro Universit\u00e1rio Unifieo, em Osasco (SP), \u00e9 especialista em Gest\u00e3o de [&hellip;]<\/p>\n","protected":false},"author":1,"featured_media":0,"parent":45,"menu_order":0,"comment_status":"closed","ping_status":"closed","template":"elementor_header_footer","meta":{"_monsterinsights_skip_tracking":false,"_monsterinsights_sitenote_active":false,"_monsterinsights_sitenote_note":"","_monsterinsights_sitenote_category":0,"footnotes":""},"class_list":["post-43","page","type-page","status-publish","hentry"],"_links":{"self":[{"href":"https:\/\/pc.sc.gov.br\/index.php?rest_route=\/wp\/v2\/pages\/43","targetHints":{"allow":["GET"]}}],"collection":[{"href":"https:\/\/pc.sc.gov.br\/index.php?rest_route=\/wp\/v2\/pages"}],"about":[{"href":"https:\/\/pc.sc.gov.br\/index.php?rest_route=\/wp\/v2\/types\/page"}],"author":[{"embeddable":true,"href":"https:\/\/pc.sc.gov.br\/index.php?rest_route=\/wp\/v2\/users\/1"}],"replies":[{"embeddable":true,"href":"https:\/\/pc.sc.gov.br\/index.php?rest_route=%2Fwp%2Fv2%2Fcomments&post=43"}],"version-history":[{"count":49,"href":"https:\/\/pc.sc.gov.br\/index.php?rest_route=\/wp\/v2\/pages\/43\/revisions"}],"predecessor-version":[{"id":38149,"href":"https:\/\/pc.sc.gov.br\/index.php?rest_route=\/wp\/v2\/pages\/43\/revisions\/38149"}],"up":[{"embeddable":true,"href":"https:\/\/pc.sc.gov.br\/index.php?rest_route=\/wp\/v2\/pages\/45"}],"wp:attachment":[{"href":"https:\/\/pc.sc.gov.br\/index.php?rest_route=%2Fwp%2Fv2%2Fmedia&parent=43"}],"curies":[{"name":"wp","href":"https:\/\/api.w.org\/{rel}","templated":true}]}}

<div data-elementor-type="wp-page" data-elementor-id="43" class="elementor elementor-43" data-elementor-post-type="page">
						<section class="elementor-section elementor-top-section elementor-element elementor-element-062eec2 elementor-section-boxed elementor-section-height-default elementor-section-height-default" data-id="062eec2" data-element_type="section">
						<div class="elementor-container elementor-column-gap-default">
					<div class="elementor-column elementor-col-100 elementor-top-column elementor-element elementor-element-a22ed62" data-id="a22ed62" data-element_type="column">
			<div class="elementor-widget-wrap elementor-element-populated">
						<div class="elementor-element elementor-element-1c287ad elementor-widget elementor-widget-heading" data-id="1c287ad" data-element_type="widget" data-widget_type="heading.default">
				<div class="elementor-widget-container">
					<h2 class="elementor-heading-title elementor-size-default">Delegacia Geral</h2>				</div>
				</div>
					</div>
		</div>
					</div>
		</section>
				<section class="elementor-section elementor-top-section elementor-element elementor-element-a67a961 elementor-section-boxed elementor-section-height-default elementor-section-height-default" data-id="a67a961" data-element_type="section">
						<div class="elementor-container elementor-column-gap-default">
					<div class="elementor-column elementor-col-50 elementor-top-column elementor-element elementor-element-94d649b elementor-hidden-tablet elementor-hidden-mobile" data-id="94d649b" data-element_type="column">
			<div class="elementor-widget-wrap elementor-element-populated">
						<div class="elementor-element elementor-element-0599e8e elementor-hidden-tablet elementor-hidden-mobile elementor-widget elementor-widget-image" data-id="0599e8e" data-element_type="widget" data-widget_type="image.default">
				<div class="elementor-widget-container">
															<img fetchpriority="high" decoding="async" width="696" height="703" src="https://pc.sc.gov.br//wp-content/uploads/2026/03/WhatsApp-Image-2026-03-04-at-12.23.25-1014x1024.jpeg" class="attachment-large size-large wp-image-36653" alt="Delegado-Geral Marcelo Sampaio Nogueira" srcset="https://pc.sc.gov.br//wp-content/uploads/2026/03/WhatsApp-Image-2026-03-04-at-12.23.25-1014x1024.jpeg 1014w, https://pc.sc.gov.br//wp-content/uploads/2026/03/WhatsApp-Image-2026-03-04-at-12.23.25-297x300.jpeg 297w, https://pc.sc.gov.br//wp-content/uploads/2026/03/WhatsApp-Image-2026-03-04-at-12.23.25-768x775.jpeg 768w, https://pc.sc.gov.br//wp-content/uploads/2026/03/WhatsApp-Image-2026-03-04-at-12.23.25.jpeg 1268w" sizes="(max-width: 696px) 100vw, 696px" />															</div>
				</div>
					</div>
		</div>
				<div class="elementor-column elementor-col-50 elementor-top-column elementor-element elementor-element-48947f8" data-id="48947f8" data-element_type="column">
			<div class="elementor-widget-wrap elementor-element-populated">
						<div class="elementor-element elementor-element-154f943 elementor-hidden-desktop elementor-widget elementor-widget-image" data-id="154f943" data-element_type="widget" data-widget_type="image.default">
				<div class="elementor-widget-container">
															<img decoding="async" src="https://pc.sc.gov.br//wp-content/uploads/2026/03/WhatsApp-Image-2026-03-04-at-12.23.25.jpeg" title="Delegado-Geral Marcelo Sampaio Nogueira" alt="Delegado-Geral Marcelo Sampaio Nogueira" loading="lazy" />															</div>
				</div>
				<div class="elementor-element elementor-element-4481ac4 elementor-widget elementor-widget-text-editor" data-id="4481ac4" data-element_type="widget" data-widget_type="text-editor.default">
				<div class="elementor-widget-container">
									Delegado-Geral <b>Marcelo Sampaio Nogueira</b>								</div>
				</div>
				<div class="elementor-element elementor-element-d14ddb1 elementor-widget elementor-widget-text-editor" data-id="d14ddb1" data-element_type="widget" data-widget_type="text-editor.default">
				<div class="elementor-widget-container">
									<p>O Delegado-Geral Marcelo Sampaio Nogueira é natural de Nova Londrina (PR), onde nasceu em 24 de abril de 1982. Sua trajetória profissional é marcada pela dedicação ao serviço público e à segurança pública catarinense. Graduado em Direito pelo Centro Universitário Unifieo, em Osasco (SP), é especialista em Gestão de Segurança Pública pela Unisul, em Santa Catarina. Ingressou no serviço público aos 18 anos, com passagens pela Universidade de São Paulo, pelo Ministério Público de São Paulo, pelo Tribunal de Alçada Criminal de São Paulo e pelo Tribunal de Justiça de São Paulo, acumulando experiência nas mais diversas frentes do sistema de Justiça.</p><p>Em 4 de novembro de 2009, tomou posse como delegado de Polícia Civil em Santa Catarina. Após o curso de formação inicial, iniciou sua atuação na Delegacia de Polícia da Comarca de Concórdia, onde permaneceu até junho de 2014. Na sequência, foi promovido à entrância final e foi atuar em Timbó, em seguida, também atuou na DPCAMI de Blumenau. Em janeiro de 2015, retornou à Concórdia como Delegado Regional, função que exerceu por oito anos, até janeiro de 2023, quando assumiu a chefia de Gabinete do então Delegado-Geral Ulisses Gabriel.</p><p>Em 2025, foi eleito membro do Conselho Superior da Polícia Civil, com 212 votos de delegados de todo o estado, passando a integrar o colegiado como representante eleito da classe — função que se somou à participação institucional já exercida em razão do cargo de direção. Paralelamente à carreira policial, foi professor universitário em Concórdia entre 2017 e 2022, lecionando cadeiras de Direito Penal em instituições privadas.</p><p>Marcelo Sampaio Nogueira é Delegado-Geral Polícia Civil de Santa Catarina desde o dia 03 de março de 2026, quando assumiu o compromisso de dar continuidade ao fortalecimento institucional, à valorização dos policiais civis e ao aprimoramento das ações de investigação e atendimento à população catarinense.</p>								</div>
				</div>
				<div class="elementor-element elementor-element-fdfbcab elementor-widget elementor-widget-text-editor" data-id="fdfbcab" data-element_type="widget" data-widget_type="text-editor.default">
				<div class="elementor-widget-container">
									<!-- Ulisses Gabriel - O delegado-geral Ulisses Gabriel é natural do município catarinense de Turvo e tomou posse na Polícia Civil de Santa Catarina em 2007. Antes de assumir a delegacia-geral, no dia 10 de janeiro de 2023, sua última lotação era na Delegacia de Proteção à Criança, ao Adolescente, à Mulher e ao Idoso de Criciúma. Ulisses já trabalhou na Delegacia Regional de Tubarão em 2014, na Acadepol (2015 a 2016) e na Corregedoria da PCSC em 2017. Já foi delegado substituto em Araranguá (2008 e 2009) e delegado substituto na Divisão de Investigação Criminal de Criciúma (2009 e 2010), unidade onde voltou a atuar no ano de 2015.

Ulisses atuou ainda em Orleans como delegado substituto (2007 a 2008) e titular (de 2010 a 2014 e entre 2018 a 2021). Já foi delegado titular em Urussanga (2021 a 2022). Em 2022, foi promovido para entrância especial para a Comarca de Criciúma. Além disso, Ulisses foi professor da Acadepol e presidente da Associação dos Delegados de Polícia de Santa Catarina (Adepol) por dois mandatos.

Entre os diversos cursos que compõem a formação do delegado Ulisses, destaca-se o mestrado em Direito pela Unesc, a graduação em Direito pela Unisul e os cursos de especialização em Direito Processual Civil pela Univali e em Marketing Empresarial pelo Unibave. -->								</div>
				</div>
					</div>
		</div>
					</div>
		</section>
				</div>

<p>Delegacia Geral Delegado-Geral Marcelo Sampaio Nogueira O Delegado-Geral Marcelo Sampaio Nogueira é natural de Nova Londrina (PR), onde nasceu em 24 de abril de 1982. Sua trajetória profissional é marcada pela dedicação ao serviço público e à segurança pública catarinense. Graduado em Direito pelo Centro Universitário Unifieo, em Osasco (SP), é especialista em Gestão de [&hellip;]</p>
