{"id":49,"date":"2022-10-14T15:50:48","date_gmt":"2022-10-14T18:50:48","guid":{"rendered":"https:\/\/pc.sc.gov.br\/?page_id=49"},"modified":"2023-06-29T12:29:03","modified_gmt":"2023-06-29T15:29:03","slug":"delegacia_virtual","status":"publish","type":"page","link":"https:\/\/pc.sc.gov.br\/?page_id=49","title":{"rendered":"Delegacia Virtual"},"content":{"rendered":"\t\t<div data-elementor-type=\"wp-page\" data-elementor-id=\"49\" class=\"elementor elementor-49\" data-elementor-post-type=\"page\">\n\t\t\t\t\t\t<section class=\"elementor-section elementor-top-section elementor-element elementor-element-c92e064 elementor-section-boxed elementor-section-height-default elementor-section-height-default\" data-id=\"c92e064\" data-element_type=\"section\">\n\t\t\t\t\t\t<div class=\"elementor-container elementor-column-gap-default\">\n\t\t\t\t\t<div class=\"elementor-column elementor-col-100 elementor-top-column elementor-element elementor-element-5e7666e\" data-id=\"5e7666e\" data-element_type=\"column\">\n\t\t\t<div class=\"elementor-widget-wrap elementor-element-populated\">\n\t\t\t\t\t\t<div class=\"elementor-element elementor-element-10a4a1a elementor-widget elementor-widget-heading\" data-id=\"10a4a1a\" data-element_type=\"widget\" data-widget_type=\"heading.default\">\n\t\t\t\t<div class=\"elementor-widget-container\">\n\t\t\t\t\t<h2 class=\"elementor-heading-title elementor-size-default\">Delegacia de Pol\u00edcia Virtual de Santa Catarina<\/h2>\t\t\t\t<\/div>\n\t\t\t\t<\/div>\n\t\t\t\t\t<\/div>\n\t\t<\/div>\n\t\t\t\t\t<\/div>\n\t\t<\/section>\n\t\t\t\t<section class=\"elementor-section elementor-top-section elementor-element elementor-element-a7cbbeb elementor-section-boxed elementor-section-height-default elementor-section-height-default\" data-id=\"a7cbbeb\" data-element_type=\"section\">\n\t\t\t\t\t\t<div class=\"elementor-container elementor-column-gap-default\">\n\t\t\t\t\t<div class=\"elementor-column elementor-col-50 elementor-top-column elementor-element elementor-element-5843c58\" data-id=\"5843c58\" data-element_type=\"column\">\n\t\t\t<div class=\"elementor-widget-wrap elementor-element-populated\">\n\t\t\t\t\t\t<div class=\"elementor-element elementor-element-29db455 elementor-hidden-desktop elementor-widget elementor-widget-image\" data-id=\"29db455\" data-element_type=\"widget\" data-widget_type=\"image.default\">\n\t\t\t\t<div class=\"elementor-widget-container\">\n\t\t\t\t\t\t\t\t\t\t\t\t\t\t\t<img fetchpriority=\"high\" decoding=\"async\" width=\"550\" height=\"364\" src=\"https:\/\/pc.sc.gov.br\/\/wp-content\/uploads\/2022\/10\/Delegacia-virtual.jpg\" class=\"attachment-large size-large wp-image-214\" alt=\"Delegacia Virtual\" srcset=\"https:\/\/pc.sc.gov.br\/\/wp-content\/uploads\/2022\/10\/Delegacia-virtual.jpg 550w, https:\/\/pc.sc.gov.br\/\/wp-content\/uploads\/2022\/10\/Delegacia-virtual-300x199.jpg 300w\" sizes=\"(max-width: 550px) 100vw, 550px\" \/>\t\t\t\t\t\t\t\t\t\t\t\t\t\t\t<\/div>\n\t\t\t\t<\/div>\n\t\t\t\t<div class=\"elementor-element elementor-element-234fb43 elementor-align-center elementor-hidden-desktop elementor-widget elementor-widget-button\" data-id=\"234fb43\" data-element_type=\"widget\" data-widget_type=\"button.default\">\n\t\t\t\t<div class=\"elementor-widget-container\">\n\t\t\t\t\t\t\t\t\t<div class=\"elementor-button-wrapper\">\n\t\t\t\t\t<a class=\"elementor-button elementor-button-link elementor-size-sm\" href=\"https:\/\/delegaciavirtual.sc.gov.br\/\" target=\"_blank\">\n\t\t\t\t\t\t<span class=\"elementor-button-content-wrapper\">\n\t\t\t\t\t\t\t\t\t<span class=\"elementor-button-text\">clique aqui para registrar ocorr\u00eancia<\/span>\n\t\t\t\t\t<\/span>\n\t\t\t\t\t<\/a>\n\t\t\t\t<\/div>\n\t\t\t\t\t\t\t\t<\/div>\n\t\t\t\t<\/div>\n\t\t\t\t<div class=\"elementor-element elementor-element-40a8cd4 elementor-widget elementor-widget-text-editor\" data-id=\"40a8cd4\" data-element_type=\"widget\" data-widget_type=\"text-editor.default\">\n\t\t\t\t<div class=\"elementor-widget-container\">\n\t\t\t\t\t\t\t\t\t<p style=\"text-align:justify\">A\u00a0Delegacia de Pol\u00edcia Virtual\u00a0\u00e9 um servi\u00e7o de registro de ocorr\u00eancias disponibilizado ao cidad\u00e3o via Internet, 24 horas por dia, sete dias por semana. Desde mar\u00e7o de 2002, a Pol\u00edcia\u00a0 Civil de Santa Catarina disponibiliza este servi\u00e7o de autoatendimento no qual \u00e9 o pr\u00f3prio cidad\u00e3o quem efetua o registro. Seu objetivo \u00e9 oferecer ao cidad\u00e3o agilidade, conforto e confiabilidade no registro de ocorr\u00eancias via internet, do conforto de seu ambiente dom\u00e9stico ou profissional, sem a necessidade de deslocamento at\u00e9 uma Delegacia de Pol\u00edcia.\n<br>\nEste servi\u00e7o est\u00e1 em permanente desenvolvimento para permitir o maior n\u00famero poss\u00edvel de registros, sendo que, no momento, o servi\u00e7o j\u00e1 atende as seguintes modalidades de ocorr\u00eancias:\t\t\t\t\t\t\t\t<\/div>\n\t\t\t\t<\/div>\n\t\t\t\t\t<\/div>\n\t\t<\/div>\n\t\t\t\t<div class=\"elementor-column elementor-col-50 elementor-top-column elementor-element elementor-element-727b1bd\" data-id=\"727b1bd\" data-element_type=\"column\">\n\t\t\t<div class=\"elementor-widget-wrap elementor-element-populated\">\n\t\t\t\t\t\t<div class=\"elementor-element elementor-element-76760b9 elementor-hidden-tablet elementor-hidden-mobile elementor-widget elementor-widget-image\" data-id=\"76760b9\" data-element_type=\"widget\" data-widget_type=\"image.default\">\n\t\t\t\t<div class=\"elementor-widget-container\">\n\t\t\t\t\t\t\t\t\t\t\t\t\t\t\t<img fetchpriority=\"high\" decoding=\"async\" width=\"550\" height=\"364\" src=\"https:\/\/pc.sc.gov.br\/\/wp-content\/uploads\/2022\/10\/Delegacia-virtual.jpg\" class=\"attachment-large size-large wp-image-214\" alt=\"Delegacia Virtual\" srcset=\"https:\/\/pc.sc.gov.br\/\/wp-content\/uploads\/2022\/10\/Delegacia-virtual.jpg 550w, https:\/\/pc.sc.gov.br\/\/wp-content\/uploads\/2022\/10\/Delegacia-virtual-300x199.jpg 300w\" sizes=\"(max-width: 550px) 100vw, 550px\" \/>\t\t\t\t\t\t\t\t\t\t\t\t\t\t\t<\/div>\n\t\t\t\t<\/div>\n\t\t\t\t<div class=\"elementor-element elementor-element-5c5d067 elementor-align-center elementor-hidden-tablet elementor-hidden-mobile elementor-widget elementor-widget-button\" data-id=\"5c5d067\" data-element_type=\"widget\" data-widget_type=\"button.default\">\n\t\t\t\t<div class=\"elementor-widget-container\">\n\t\t\t\t\t\t\t\t\t<div class=\"elementor-button-wrapper\">\n\t\t\t\t\t<a class=\"elementor-button elementor-button-link elementor-size-sm\" href=\"https:\/\/delegaciavirtual.sc.gov.br\/\" target=\"_blank\">\n\t\t\t\t\t\t<span class=\"elementor-button-content-wrapper\">\n\t\t\t\t\t\t\t\t\t<span class=\"elementor-button-text\">clique aqui para registrar ocorr\u00eancia<\/span>\n\t\t\t\t\t<\/span>\n\t\t\t\t\t<\/a>\n\t\t\t\t<\/div>\n\t\t\t\t\t\t\t\t<\/div>\n\t\t\t\t<\/div>\n\t\t\t\t\t<\/div>\n\t\t<\/div>\n\t\t\t\t\t<\/div>\n\t\t<\/section>\n\t\t\t\t<section class=\"elementor-section elementor-top-section elementor-element elementor-element-e326166 elementor-section-boxed elementor-section-height-default elementor-section-height-default\" data-id=\"e326166\" data-element_type=\"section\">\n\t\t\t\t\t\t<div class=\"elementor-container elementor-column-gap-default\">\n\t\t\t\t\t<div class=\"elementor-column elementor-col-100 elementor-top-column elementor-element elementor-element-01a709a\" data-id=\"01a709a\" data-element_type=\"column\">\n\t\t\t<div class=\"elementor-widget-wrap elementor-element-populated\">\n\t\t\t\t\t\t<div class=\"elementor-element elementor-element-d305c31 elementor-widget elementor-widget-text-editor\" data-id=\"d305c31\" data-element_type=\"widget\" data-widget_type=\"text-editor.default\">\n\t\t\t\t<div class=\"elementor-widget-container\">\n\t\t\t\t\t\t\t\t\t<p><b>1. &nbsp;Acidente de tr\u00e2nsito sem v\u00edtima;<br>2. &nbsp;Perda de documentos e\/ ou objetos;<\/b><br><b>3. &nbsp;Recupera\u00e7\u00e3o de&nbsp;documentos e\/ ou objetos;<br>4.&nbsp; Amea\u00e7a, cal\u00fania, inj\u00faria e difama\u00e7\u00e3o<br>5.&nbsp; Furto e roubo;<br>6.&nbsp; Maus-tratos contra animais<br>7.&nbsp; Discrimina\u00e7\u00e3o de pessoa em raz\u00e3o de sua defici\u00eancia<br>8.&nbsp; Den\u00fancia an\u00f4nima<br>9.&nbsp; Dano<br>10.&nbsp; Viol\u00eancia Dom\u00e9stica<br>11.&nbsp; Outras ocorr\u00eancias<\/b><br><br><\/p>\n<p style=\"text-align: justify;\">As ocorr\u00eancias aqui registradas ser\u00e3o encaminhados \u00e0 Delegacia de Pol\u00edcia da respectiva \u00e1rea onde o fato ocorreu, para que a Autoridade Policial tome conhecimento e adote as medidas necess\u00e1rias.&nbsp;A comunica\u00e7\u00e3o entre o cidad\u00e3o e a Delegacia de Pol\u00edcia Virtual, quanto ao registro efetuado, ser\u00e1 atrav\u00e9s de correio eletr\u00f4nico (<em>e-mail<\/em>) ou por telefone informado no registro.<\/p>\n<p><strong>ATEN\u00c7\u00c3O<\/strong><br><\/p>\n<p style=\"text-align: justify\">Uma vez conclu\u00eddo o registro na internet, o interessado receber\u00e1 pelo correio eletr\u00f4nico (<em>e-mail<\/em>) informado o n\u00famero do protocolo. Depois de homologado (aceito) o registro, receber\u00e1, no mesmo endere\u00e7o eletr\u00f4nico, a chave de acesso e poder\u00e1 imprimir o Boletim de Ocorr\u00eancia no pr\u00f3prio sitio da Pol\u00edcia Civil.<\/p>\n<p><strong>Importante<\/strong><\/p>\n<p style=\"text-align: justify\">Ser\u00e3o ignorados, automaticamente, os registros em que o comunicante do fato for menor de 18 anos ou quando o local onde ocorreu o fato for em outro Estado da Federa\u00e7\u00e3o ou a resid\u00eancia e o documento do comunicante forem de outros Estados da Federa\u00e7\u00e3o. Neste caso, o comunicante dever\u00e1 registrar sua ocorr\u00eancia na Delegacia de Pol\u00edcia do Estado da Federa\u00e7\u00e3o em que ocorreu o fato. Ser\u00e3o ignorados tamb\u00e9m os registros que n\u00e3o possu\u00edrem os requisitos necess\u00e1rios que est\u00e3o dispostos para preenchimento no registro de Boletim de Ocorr\u00eancia na Internet.<\/p>\n<p><strong>Para mais informa\u00e7\u00f5es, contate:<br><br><\/strong><\/p>\n<p><strong>Delegacia de Pol\u00edcia Virtual de Santa Catarina<\/strong><br><br>E-mail:&nbsp;<a href=\"mailto:dpvirtual@pc.sc.gov.br\">dpvirtual@pc.sc.gov.br<\/a><br><br><br><\/p>\t\t\t\t\t\t\t\t<\/div>\n\t\t\t\t<\/div>\n\t\t\t\t\t<\/div>\n\t\t<\/div>\n\t\t\t\t\t<\/div>\n\t\t<\/section>\n\t\t\t\t<\/div>\n\t\t","protected":false},"excerpt":{"rendered":"<p>Delegacia de Pol\u00edcia Virtual de Santa Catarina clique aqui para registrar ocorr\u00eancia A\u00a0Delegacia de Pol\u00edcia Virtual\u00a0\u00e9 um servi\u00e7o de registro de ocorr\u00eancias disponibilizado ao cidad\u00e3o via Internet, 24 horas por dia, sete dias por semana. Desde mar\u00e7o de 2002, a Pol\u00edcia\u00a0 Civil de Santa Catarina disponibiliza este servi\u00e7o de autoatendimento no qual \u00e9 o pr\u00f3prio [&hellip;]<\/p>\n","protected":false},"author":1,"featured_media":0,"parent":47,"menu_order":0,"comment_status":"closed","ping_status":"closed","template":"elementor_header_footer","meta":{"_monsterinsights_skip_tracking":false,"_monsterinsights_sitenote_active":false,"_monsterinsights_sitenote_note":"","_monsterinsights_sitenote_category":0,"footnotes":""},"class_list":["post-49","page","type-page","status-publish","hentry"],"_links":{"self":[{"href":"https:\/\/pc.sc.gov.br\/index.php?rest_route=\/wp\/v2\/pages\/49","targetHints":{"allow":["GET"]}}],"collection":[{"href":"https:\/\/pc.sc.gov.br\/index.php?rest_route=\/wp\/v2\/pages"}],"about":[{"href":"https:\/\/pc.sc.gov.br\/index.php?rest_route=\/wp\/v2\/types\/page"}],"author":[{"embeddable":true,"href":"https:\/\/pc.sc.gov.br\/index.php?rest_route=\/wp\/v2\/users\/1"}],"replies":[{"embeddable":true,"href":"https:\/\/pc.sc.gov.br\/index.php?rest_route=%2Fwp%2Fv2%2Fcomments&post=49"}],"version-history":[{"count":61,"href":"https:\/\/pc.sc.gov.br\/index.php?rest_route=\/wp\/v2\/pages\/49\/revisions"}],"predecessor-version":[{"id":10931,"href":"https:\/\/pc.sc.gov.br\/index.php?rest_route=\/wp\/v2\/pages\/49\/revisions\/10931"}],"up":[{"embeddable":true,"href":"https:\/\/pc.sc.gov.br\/index.php?rest_route=\/wp\/v2\/pages\/47"}],"wp:attachment":[{"href":"https:\/\/pc.sc.gov.br\/index.php?rest_route=%2Fwp%2Fv2%2Fmedia&parent=49"}],"curies":[{"name":"wp","href":"https:\/\/api.w.org\/{rel}","templated":true}]}}