{"id":5542,"date":"2023-02-23T15:01:43","date_gmt":"2023-02-23T18:01:43","guid":{"rendered":"https:\/\/pc.sc.gov.br\/?page_id=5542"},"modified":"2023-03-07T18:25:39","modified_gmt":"2023-03-07T21:25:39","slug":"podcast-2","status":"publish","type":"page","link":"https:\/\/pc.sc.gov.br\/?page_id=5542","title":{"rendered":"Podcast"},"content":{"rendered":"\t\t<div data-elementor-type=\"wp-page\" data-elementor-id=\"5542\" class=\"elementor elementor-5542\" data-elementor-post-type=\"page\">\n\t\t\t\t\t\t<section class=\"elementor-section elementor-top-section elementor-element elementor-element-2fd3201 elementor-section-boxed elementor-section-height-default elementor-section-height-default\" data-id=\"2fd3201\" data-element_type=\"section\">\n\t\t\t\t\t\t<div class=\"elementor-container elementor-column-gap-default\">\n\t\t\t\t\t<div class=\"elementor-column elementor-col-100 elementor-top-column elementor-element elementor-element-477441a\" data-id=\"477441a\" data-element_type=\"column\">\n\t\t\t<div class=\"elementor-widget-wrap elementor-element-populated\">\n\t\t\t\t\t\t<div class=\"elementor-element elementor-element-d65fffa elementor-widget elementor-widget-image\" data-id=\"d65fffa\" data-element_type=\"widget\" data-widget_type=\"image.default\">\n\t\t\t\t<div class=\"elementor-widget-container\">\n\t\t\t\t\t\t\t\t\t\t\t\t\t\t\t<img fetchpriority=\"high\" decoding=\"async\" width=\"1920\" height=\"300\" src=\"https:\/\/pc.sc.gov.br\/\/wp-content\/uploads\/2023\/02\/podcastpagehro.png\" class=\"attachment-full size-full wp-image-5740\" alt=\"\" srcset=\"https:\/\/pc.sc.gov.br\/\/wp-content\/uploads\/2023\/02\/podcastpagehro.png 1920w, https:\/\/pc.sc.gov.br\/\/wp-content\/uploads\/2023\/02\/podcastpagehro-300x47.png 300w, https:\/\/pc.sc.gov.br\/\/wp-content\/uploads\/2023\/02\/podcastpagehro-1024x160.png 1024w, https:\/\/pc.sc.gov.br\/\/wp-content\/uploads\/2023\/02\/podcastpagehro-768x120.png 768w, https:\/\/pc.sc.gov.br\/\/wp-content\/uploads\/2023\/02\/podcastpagehro-1536x240.png 1536w\" sizes=\"(max-width: 1920px) 100vw, 1920px\" \/>\t\t\t\t\t\t\t\t\t\t\t\t\t\t\t<\/div>\n\t\t\t\t<\/div>\n\t\t\t\t\t<\/div>\n\t\t<\/div>\n\t\t\t\t\t<\/div>\n\t\t<\/section>\n\t\t\t\t<section class=\"elementor-section elementor-top-section elementor-element elementor-element-353a944 elementor-section-boxed elementor-section-height-default elementor-section-height-default\" data-id=\"353a944\" data-element_type=\"section\">\n\t\t\t\t\t\t<div class=\"elementor-container elementor-column-gap-default\">\n\t\t\t\t\t<div class=\"elementor-column elementor-col-100 elementor-top-column elementor-element elementor-element-2c3ecf9\" data-id=\"2c3ecf9\" data-element_type=\"column\">\n\t\t\t<div class=\"elementor-widget-wrap elementor-element-populated\">\n\t\t\t\t\t\t<div class=\"elementor-element elementor-element-2cfa6e8 elementor-widget elementor-widget-heading\" data-id=\"2cfa6e8\" data-element_type=\"widget\" data-widget_type=\"heading.default\">\n\t\t\t\t<div class=\"elementor-widget-container\">\n\t\t\t\t\t<h2 class=\"elementor-heading-title elementor-size-default\">PODCAST - PCSC NEWS<\/h2>\t\t\t\t<\/div>\n\t\t\t\t<\/div>\n\t\t\t\t<div class=\"elementor-element elementor-element-a5b4d7e elementor-widget elementor-widget-text-editor\" data-id=\"a5b4d7e\" data-element_type=\"widget\" data-widget_type=\"text-editor.default\">\n\t\t\t\t<div class=\"elementor-widget-container\">\n\t\t\t\t\t\t\t\t\t<p>A Assessoria de Comunica\u00e7\u00e3o da Pol\u00edcia Civil de Santa Catarina apresenta o projeto &#8220;PCSC News Podcast&#8221;. Um produto criado especialmente para quem gosta de escutar not\u00edcias em \u00e1udio e que tamb\u00e9m poder\u00e1 ser utilizado pelas emissoras de r\u00e1dio do Estado.&nbsp; Dessa forma, algumas not\u00edcias da PCSC ser\u00e3o selecionadas e disponibilizadas semanalmente. Os epis\u00f3dios, apresentados pela jornalista Stefany Alves, contar\u00e3o com a participa\u00e7\u00e3o de policiais civis e contribuir\u00e3o para informar a popula\u00e7\u00e3o catarinense sobre as principais a\u00e7\u00f5es e investiga\u00e7\u00f5es da institui\u00e7\u00e3o.&nbsp;&nbsp;<br><\/p>\t\t\t\t\t\t\t\t<\/div>\n\t\t\t\t<\/div>\n\t\t\t\t\t<\/div>\n\t\t<\/div>\n\t\t\t\t\t<\/div>\n\t\t<\/section>\n\t\t\t\t<section class=\"elementor-section elementor-top-section elementor-element elementor-element-90296be elementor-section-boxed elementor-section-height-default elementor-section-height-default\" data-id=\"90296be\" data-element_type=\"section\">\n\t\t\t\t\t\t<div class=\"elementor-container elementor-column-gap-default\">\n\t\t\t\t\t<div class=\"elementor-column elementor-col-100 elementor-top-column elementor-element elementor-element-726f9cd\" data-id=\"726f9cd\" data-element_type=\"column\">\n\t\t\t<div class=\"elementor-widget-wrap elementor-element-populated\">\n\t\t\t\t\t\t<div class=\"elementor-element elementor-element-ceb87e8 elementor-grid-3 elementor-grid-tablet-2 elementor-grid-mobile-1 elementor-posts--thumbnail-top elementor-card-shadow-yes elementor-posts__hover-gradient elementor-widget elementor-widget-posts\" data-id=\"ceb87e8\" data-element_type=\"widget\" data-settings=\"{&quot;cards_columns&quot;:&quot;3&quot;,&quot;cards_columns_tablet&quot;:&quot;2&quot;,&quot;cards_columns_mobile&quot;:&quot;1&quot;,&quot;cards_row_gap&quot;:{&quot;unit&quot;:&quot;px&quot;,&quot;size&quot;:35,&quot;sizes&quot;:[]},&quot;cards_row_gap_tablet&quot;:{&quot;unit&quot;:&quot;px&quot;,&quot;size&quot;:&quot;&quot;,&quot;sizes&quot;:[]},&quot;cards_row_gap_mobile&quot;:{&quot;unit&quot;:&quot;px&quot;,&quot;size&quot;:&quot;&quot;,&quot;sizes&quot;:[]}}\" data-widget_type=\"posts.cards\">\n\t\t\t\t<div class=\"elementor-widget-container\">\n\t\t\t\t\t\t\t<div class=\"elementor-posts-container elementor-posts elementor-posts--skin-cards elementor-grid\" role=\"list\">\n\t\t\t\t<article class=\"elementor-post elementor-grid-item post-8171 post type-post status-publish format-standard has-post-thumbnail hentry category-podcast-pcsc\" role=\"listitem\">\n\t\t\t<div class=\"elementor-post__card\">\n\t\t\t\t<a class=\"elementor-post__thumbnail__link\" href=\"https:\/\/pc.sc.gov.br\/?p=8171\" tabindex=\"-1\" target=\"_blank\"><div class=\"elementor-post__thumbnail\"><img decoding=\"async\" width=\"658\" height=\"319\" src=\"https:\/\/pc.sc.gov.br\/\/wp-content\/uploads\/2023\/03\/WhatsApp-Image-2023-02-23-at-18.15.19.jpeg\" class=\"attachment-full size-full wp-image-6056\" alt=\"\" srcset=\"https:\/\/pc.sc.gov.br\/\/wp-content\/uploads\/2023\/03\/WhatsApp-Image-2023-02-23-at-18.15.19.jpeg 658w, https:\/\/pc.sc.gov.br\/\/wp-content\/uploads\/2023\/03\/WhatsApp-Image-2023-02-23-at-18.15.19-300x145.jpeg 300w\" sizes=\"(max-width: 658px) 100vw, 658px\" \/><\/div><\/a>\n\t\t\t\t<div class=\"elementor-post__text\">\n\t\t\t\t<h3 class=\"elementor-post__title\">\n\t\t\t<a href=\"https:\/\/pc.sc.gov.br\/?p=8171\" target=&quot;_blank&quot;>\n\t\t\t\tPol\u00edcia Civil faz balan\u00e7o de a\u00e7\u00f5es preventivas de seguran\u00e7a nas escolas\t\t\t<\/a>\n\t\t<\/h3>\n\t\t\t\t<\/div>\n\t\t\t\t\t<\/div>\n\t\t<\/article>\n\t\t\t\t<article class=\"elementor-post elementor-grid-item post-6141 post type-post status-publish format-standard has-post-thumbnail hentry category-podcast-pcsc\" role=\"listitem\">\n\t\t\t<div class=\"elementor-post__card\">\n\t\t\t\t<a class=\"elementor-post__thumbnail__link\" href=\"https:\/\/pc.sc.gov.br\/?p=6141\" tabindex=\"-1\" target=\"_blank\"><div class=\"elementor-post__thumbnail\"><img decoding=\"async\" width=\"658\" height=\"319\" src=\"https:\/\/pc.sc.gov.br\/\/wp-content\/uploads\/2023\/03\/WhatsApp-Image-2023-02-23-at-18.15.19.jpeg\" class=\"attachment-full size-full wp-image-6056\" alt=\"\" srcset=\"https:\/\/pc.sc.gov.br\/\/wp-content\/uploads\/2023\/03\/WhatsApp-Image-2023-02-23-at-18.15.19.jpeg 658w, https:\/\/pc.sc.gov.br\/\/wp-content\/uploads\/2023\/03\/WhatsApp-Image-2023-02-23-at-18.15.19-300x145.jpeg 300w\" sizes=\"(max-width: 658px) 100vw, 658px\" \/><\/div><\/a>\n\t\t\t\t<div class=\"elementor-post__text\">\n\t\t\t\t<h3 class=\"elementor-post__title\">\n\t\t\t<a href=\"https:\/\/pc.sc.gov.br\/?p=6141\" target=&quot;_blank&quot;>\n\t\t\t\tPol\u00edcia Civil divulga balan\u00e7o que aponta baixa da criminalidade no Estado\t\t\t<\/a>\n\t\t<\/h3>\n\t\t\t\t<\/div>\n\t\t\t\t\t<\/div>\n\t\t<\/article>\n\t\t\t\t<article class=\"elementor-post elementor-grid-item post-6055 post type-post status-publish format-standard has-post-thumbnail hentry category-podcast-pcsc\" role=\"listitem\">\n\t\t\t<div class=\"elementor-post__card\">\n\t\t\t\t<a class=\"elementor-post__thumbnail__link\" href=\"https:\/\/pc.sc.gov.br\/?p=6055\" tabindex=\"-1\" target=\"_blank\"><div class=\"elementor-post__thumbnail\"><img decoding=\"async\" width=\"658\" height=\"319\" src=\"https:\/\/pc.sc.gov.br\/\/wp-content\/uploads\/2023\/03\/WhatsApp-Image-2023-02-23-at-18.15.19.jpeg\" class=\"attachment-full size-full wp-image-6056\" alt=\"\" srcset=\"https:\/\/pc.sc.gov.br\/\/wp-content\/uploads\/2023\/03\/WhatsApp-Image-2023-02-23-at-18.15.19.jpeg 658w, https:\/\/pc.sc.gov.br\/\/wp-content\/uploads\/2023\/03\/WhatsApp-Image-2023-02-23-at-18.15.19-300x145.jpeg 300w\" sizes=\"(max-width: 658px) 100vw, 658px\" \/><\/div><\/a>\n\t\t\t\t<div class=\"elementor-post__text\">\n\t\t\t\t<h3 class=\"elementor-post__title\">\n\t\t\t<a href=\"https:\/\/pc.sc.gov.br\/?p=6055\" target=&quot;_blank&quot;>\n\t\t\t\tConhe\u00e7a o projeto &#8220;As Cores de Cada Vida&#8221; da Pol\u00edcia Civil de Santa Catarina\t\t\t<\/a>\n\t\t<\/h3>\n\t\t\t\t<\/div>\n\t\t\t\t\t<\/div>\n\t\t<\/article>\n\t\t\t\t<\/div>\n\t\t\n\t\t\t\t\t\t<\/div>\n\t\t\t\t<\/div>\n\t\t\t\t\t<\/div>\n\t\t<\/div>\n\t\t\t\t\t<\/div>\n\t\t<\/section>\n\t\t\t\t<\/div>\n\t\t","protected":false},"excerpt":{"rendered":"<p>PODCAST &#8211; PCSC NEWS A Assessoria de Comunica\u00e7\u00e3o da Pol\u00edcia Civil de Santa Catarina apresenta o projeto &#8220;PCSC News Podcast&#8221;. Um produto criado especialmente para<\/p>\n","protected":false},"author":2,"featured_media":0,"parent":0,"menu_order":0,"comment_status":"closed","ping_status":"closed","template":"","meta":{"_monsterinsights_skip_tracking":false,"_monsterinsights_sitenote_active":false,"_monsterinsights_sitenote_note":"","_monsterinsights_sitenote_category":0,"footnotes":""},"class_list":["post-5542","page","type-page","status-publish","hentry"],"_links":{"self":[{"href":"https:\/\/pc.sc.gov.br\/index.php?rest_route=\/wp\/v2\/pages\/5542","targetHints":{"allow":["GET"]}}],"collection":[{"href":"https:\/\/pc.sc.gov.br\/index.php?rest_route=\/wp\/v2\/pages"}],"about":[{"href":"https:\/\/pc.sc.gov.br\/index.php?rest_route=\/wp\/v2\/types\/page"}],"author":[{"embeddable":true,"href":"https:\/\/pc.sc.gov.br\/index.php?rest_route=\/wp\/v2\/users\/2"}],"replies":[{"embeddable":true,"href":"https:\/\/pc.sc.gov.br\/index.php?rest_route=%2Fwp%2Fv2%2Fcomments&post=5542"}],"version-history":[{"count":29,"href":"https:\/\/pc.sc.gov.br\/index.php?rest_route=\/wp\/v2\/pages\/5542\/revisions"}],"predecessor-version":[{"id":6149,"href":"https:\/\/pc.sc.gov.br\/index.php?rest_route=\/wp\/v2\/pages\/5542\/revisions\/6149"}],"wp:attachment":[{"href":"https:\/\/pc.sc.gov.br\/index.php?rest_route=%2Fwp%2Fv2%2Fmedia&parent=5542"}],"curies":[{"name":"wp","href":"https:\/\/api.w.org\/{rel}","templated":true}]}}