{"id":73,"date":"2022-10-14T15:56:30","date_gmt":"2022-10-14T18:56:30","guid":{"rendered":"https:\/\/pc.sc.gov.br\/?page_id=73"},"modified":"2022-12-14T13:16:01","modified_gmt":"2022-12-14T16:16:01","slug":"hino_pcsc","status":"publish","type":"page","link":"https:\/\/pc.sc.gov.br\/?page_id=73","title":{"rendered":"Hino da PCSC"},"content":{"rendered":"\t\t<div data-elementor-type=\"wp-page\" data-elementor-id=\"73\" class=\"elementor elementor-73\" data-elementor-post-type=\"page\">\n\t\t\t\t\t\t<section class=\"elementor-section elementor-top-section elementor-element elementor-element-e59926d elementor-section-boxed elementor-section-height-default elementor-section-height-default\" data-id=\"e59926d\" data-element_type=\"section\">\n\t\t\t\t\t\t<div class=\"elementor-container elementor-column-gap-default\">\n\t\t\t\t\t<div class=\"elementor-column elementor-col-100 elementor-top-column elementor-element elementor-element-d8ef328\" data-id=\"d8ef328\" data-element_type=\"column\">\n\t\t\t<div class=\"elementor-widget-wrap elementor-element-populated\">\n\t\t\t\t\t\t<div class=\"elementor-element elementor-element-7ba36f4 elementor-widget elementor-widget-heading\" data-id=\"7ba36f4\" data-element_type=\"widget\" data-widget_type=\"heading.default\">\n\t\t\t\t<div class=\"elementor-widget-container\">\n\t\t\t\t\t<h2 class=\"elementor-heading-title elementor-size-default\">Hino da PCSC<\/h2>\t\t\t\t<\/div>\n\t\t\t\t<\/div>\n\t\t\t\t\t<\/div>\n\t\t<\/div>\n\t\t\t\t\t<\/div>\n\t\t<\/section>\n\t\t\t\t<section class=\"elementor-section elementor-top-section elementor-element elementor-element-dc79296 elementor-section-boxed elementor-section-height-default elementor-section-height-default\" data-id=\"dc79296\" data-element_type=\"section\">\n\t\t\t\t\t\t<div class=\"elementor-container elementor-column-gap-default\">\n\t\t\t\t\t<div class=\"elementor-column elementor-col-100 elementor-top-column elementor-element elementor-element-8fe3816\" data-id=\"8fe3816\" data-element_type=\"column\">\n\t\t\t<div class=\"elementor-widget-wrap elementor-element-populated\">\n\t\t\t\t\t\t<div class=\"elementor-element elementor-element-5d71bc9 elementor-widget elementor-widget-text-editor\" data-id=\"5d71bc9\" data-element_type=\"widget\" data-widget_type=\"text-editor.default\">\n\t\t\t\t<div class=\"elementor-widget-container\">\n\t\t\t\t\t\t\t\t\t<div><h5>Hino Oficial da Pol\u00edcia Civil do Estado de Santa Catarina<\/h5><p>Somos homens e mulheres desta terra<br \/>Deste povo que \u00e9 orgulho do Brasil<br \/>Que trabalha, que tem garra e tem respeito<br \/>A servi\u00e7o do Direito \u2013 Somos Pol\u00edcia Civil<br \/>Nossas armas s\u00e3o a lei e a intelig\u00eancia<br \/>Pela paz, seguran\u00e7a e igualdade<br \/>Defendemos o povo catarinense<br \/>Nossa marca \u00e9 honradez e lealdade<\/p><p>PARA PROTEGER<br \/>PARA SERVIR<br \/>EM TODO CANTO DO ESTADO \u201cBARRIGA VERDE\u201d<br \/>SEMPRE EM BUSCA DA VERDADE E DA JUSTI\u00c7A<br \/>SOMOS POL\u00cdCIA CIVIL CATARINENSE<\/p><p>PARA PROTEGER<br \/>PARA SERVIR<br \/>SOMOS UNIDOS PELOS MESMOS IDEAIS<br \/>A POL\u00cdCIA CIVIL CATARINENSE<br \/>\u00c9 A VANGUARDA CONTRA O CRIME E PELA PAZ<\/p><p>Na fronteira, vale, serra ou litoral<br \/>Sempre alerta pela terra ou pelo ar<br \/>Levando criminosos \u00e0 Justi\u00e7a<br \/>Investiga\u00e7\u00e3o ativa para a verdade revelar<br \/>Na bonan\u00e7a ou em tempos de tristeza<br \/>Pelo progresso desta terra aben\u00e7oada<br \/>Sustentamos o bras\u00e3o da nossa casa<br \/>Que nos resguarda e nos inspira na jornada<\/p><p>\u00a0<\/p><p><strong>Letra e m\u00fasica: Jos\u00e9 Rog\u00e9rio de Castro Filho (Delegado de Pol\u00edcia)<\/strong><\/p><p>Fa\u00e7a download do \u00e1udio do Hino\u00a0<a href=\"https:\/\/pc.sc.gov.br\/images\/audio\/Hino_PCSC.mp3\" target=\"_blank\" rel=\"noopener\" download=\"HinoPCSC.mp3\">Clicando aqui!<\/a><\/p><\/div>\t\t\t\t\t\t\t\t<\/div>\n\t\t\t\t<\/div>\n\t\t\t\t<div class=\"elementor-element elementor-element-dbe3240 elementor-widget elementor-widget-button\" data-id=\"dbe3240\" data-element_type=\"widget\" data-widget_type=\"button.default\">\n\t\t\t\t<div class=\"elementor-widget-container\">\n\t\t\t\t\t\t\t\t\t<div class=\"elementor-button-wrapper\">\n\t\t\t\t\t<a class=\"elementor-button elementor-button-link elementor-size-sm\" href=\"https:\/\/pc.sc.gov.br\/images\/audio\/Hino_PCSC.mp3\">\n\t\t\t\t\t\t<span class=\"elementor-button-content-wrapper\">\n\t\t\t\t\t\t\t\t\t<span class=\"elementor-button-text\">Download do Hino<\/span>\n\t\t\t\t\t<\/span>\n\t\t\t\t\t<\/a>\n\t\t\t\t<\/div>\n\t\t\t\t\t\t\t\t<\/div>\n\t\t\t\t<\/div>\n\t\t\t\t\t<\/div>\n\t\t<\/div>\n\t\t\t\t\t<\/div>\n\t\t<\/section>\n\t\t\t\t<\/div>\n\t\t","protected":false},"excerpt":{"rendered":"<p>Hino da PCSC Hino Oficial da Pol\u00edcia Civil do Estado de Santa Catarina Somos homens e mulheres desta terraDeste povo que \u00e9 orgulho do BrasilQue trabalha, que tem garra e tem respeitoA servi\u00e7o do Direito \u2013 Somos Pol\u00edcia CivilNossas armas s\u00e3o a lei e a intelig\u00eanciaPela paz, seguran\u00e7a e igualdadeDefendemos o povo catarinenseNossa marca \u00e9 [&hellip;]<\/p>\n","protected":false},"author":1,"featured_media":0,"parent":65,"menu_order":0,"comment_status":"closed","ping_status":"closed","template":"elementor_header_footer","meta":{"_monsterinsights_skip_tracking":false,"_monsterinsights_sitenote_active":false,"_monsterinsights_sitenote_note":"","_monsterinsights_sitenote_category":0,"footnotes":""},"class_list":["post-73","page","type-page","status-publish","hentry"],"_links":{"self":[{"href":"https:\/\/pc.sc.gov.br\/index.php?rest_route=\/wp\/v2\/pages\/73","targetHints":{"allow":["GET"]}}],"collection":[{"href":"https:\/\/pc.sc.gov.br\/index.php?rest_route=\/wp\/v2\/pages"}],"about":[{"href":"https:\/\/pc.sc.gov.br\/index.php?rest_route=\/wp\/v2\/types\/page"}],"author":[{"embeddable":true,"href":"https:\/\/pc.sc.gov.br\/index.php?rest_route=\/wp\/v2\/users\/1"}],"replies":[{"embeddable":true,"href":"https:\/\/pc.sc.gov.br\/index.php?rest_route=%2Fwp%2Fv2%2Fcomments&post=73"}],"version-history":[{"count":16,"href":"https:\/\/pc.sc.gov.br\/index.php?rest_route=\/wp\/v2\/pages\/73\/revisions"}],"predecessor-version":[{"id":2324,"href":"https:\/\/pc.sc.gov.br\/index.php?rest_route=\/wp\/v2\/pages\/73\/revisions\/2324"}],"up":[{"embeddable":true,"href":"https:\/\/pc.sc.gov.br\/index.php?rest_route=\/wp\/v2\/pages\/65"}],"wp:attachment":[{"href":"https:\/\/pc.sc.gov.br\/index.php?rest_route=%2Fwp%2Fv2%2Fmedia&parent=73"}],"curies":[{"name":"wp","href":"https:\/\/api.w.org\/{rel}","templated":true}]}}